{"id":1514,"date":"2020-09-03T11:47:55","date_gmt":"2020-09-03T08:47:55","guid":{"rendered":"https:\/\/corpusry.fi\/?page_id=1514"},"modified":"2026-02-10T21:04:00","modified_gmt":"2026-02-10T19:04:00","slug":"tervehdys","status":"publish","type":"page","link":"https:\/\/corpusry.fi\/","title":{"rendered":"Tervehdys!"},"content":{"rendered":"\n<p>Olet saapunut Corpus ry:n nettisivuille. Corpus ry, tuttavallisemmin Corpus, on Jyv\u00e4skyl\u00e4n yliopiston kirjallisuuden, museologian, taidehistorian ja taidekasvatuksen opiskelijoiden ainej\u00e4rjest\u00f6. Lis\u00e4ksi olemme KUOMAn (kulttuuriymp\u00e4rist\u00f6n tutkimuksen maisteriohjelman) ainej\u00e4rjest\u00f6 ja yhdess\u00e4 Sane ry:n kanssa \u00e4idinkielenopettajaopiskelijoiden ainej\u00e4rjest\u00f6. Oppiaineemme kuuluvat Musiikin, taiteen ja kulttuurin tutkimuksen laitoksen piiriin yhdess\u00e4 musiikkitieteen ja musiikkikasvatuksen kanssa. <br><br>Corpuksen teht\u00e4v\u00e4 on valvoa j\u00e4senist\u00f6ns\u00e4 etuja, perehdytt\u00e4\u00e4 uudet opiskelijat yliopistoel\u00e4m\u00e4\u00e4n sek\u00e4 j\u00e4rjest\u00e4\u00e4 vapaa-ajantoimintaa ja tapahtumia j\u00e4senten vireyden ja sosiaalisten suhteiden yll\u00e4pit\u00e4miseksi. Toisin sanoen haluamme pit\u00e4\u00e4 huolen siit\u00e4, ett\u00e4 yliopistoaikasi on ikimuistoista! <br><br>Tervetuloa mukaan corpuslaisten kirjavaan joukkoon &#8211; juuri sellaisena kuin olet!<br><\/p>\n\n\n\n<figure class=\"wp-block-gallery has-nested-images columns-default is-cropped wp-block-gallery-1 is-layout-flex wp-block-gallery-is-layout-flex\">\n<figure class=\"wp-block-image size-large\"><img loading=\"lazy\" decoding=\"async\" width=\"819\" height=\"1024\" data-id=\"3050\" src=\"http:\/\/corpusry.fi\/wp-content\/uploads\/2026\/02\/Helmikuu_Corpuskalenteri2026-819x1024.png\" alt=\"\" class=\"wp-image-3050\" srcset=\"https:\/\/corpusry.fi\/wp-content\/uploads\/2026\/02\/Helmikuu_Corpuskalenteri2026-819x1024.png 819w, https:\/\/corpusry.fi\/wp-content\/uploads\/2026\/02\/Helmikuu_Corpuskalenteri2026-240x300.png 240w, https:\/\/corpusry.fi\/wp-content\/uploads\/2026\/02\/Helmikuu_Corpuskalenteri2026-768x960.png 768w, https:\/\/corpusry.fi\/wp-content\/uploads\/2026\/02\/Helmikuu_Corpuskalenteri2026-400x500.png 400w, https:\/\/corpusry.fi\/wp-content\/uploads\/2026\/02\/Helmikuu_Corpuskalenteri2026.png 1080w\" sizes=\"auto, (max-width: 819px) 100vw, 819px\" \/><\/figure>\n<\/figure>\n\n\n\n<p><strong>Helmikuun tapahtumat<\/strong><\/p>\n\n\n\n<p>4.2. Sanapaja<br>11.2. Sanapaja<br>12.2. Yst\u00e4v\u00e4np\u00e4iv\u00e4 &lt;3<br>17.2. Haalarikastajaiset<br>18.2. Lukupiiri<br>20.2. Lukupiiri<\/p>\n","protected":false},"excerpt":{"rendered":"<p>Olet saapunut Corpus ry:n nettisivuille. Corpus ry, tuttavallisemmin Corpus, on Jyv\u00e4skyl\u00e4n yliopiston kirjallisuuden, museologian, taidehistorian ja taidekasvatuksen opiskelijoiden ainej\u00e4rjest\u00f6. Lis\u00e4ksi olemme KUOMAn (kulttuuriymp\u00e4rist\u00f6n tutkimuksen maisteriohjelman) ainej\u00e4rjest\u00f6 ja yhdess\u00e4 Sane ry:n <a href=\"https:\/\/corpusry.fi\/\" class=\"more-link\">[&hellip;]<\/a><\/p>\n","protected":false},"author":14,"featured_media":0,"parent":0,"menu_order":0,"comment_status":"closed","ping_status":"closed","template":"","meta":{"Layout":"2c-l","footnotes":""},"class_list":["entry","author-janne-haatyla","post-1514","page","type-page","status-publish"],"_links":{"self":[{"href":"https:\/\/corpusry.fi\/index.php\/wp-json\/wp\/v2\/pages\/1514","targetHints":{"allow":["GET"]}}],"collection":[{"href":"https:\/\/corpusry.fi\/index.php\/wp-json\/wp\/v2\/pages"}],"about":[{"href":"https:\/\/corpusry.fi\/index.php\/wp-json\/wp\/v2\/types\/page"}],"author":[{"embeddable":true,"href":"https:\/\/corpusry.fi\/index.php\/wp-json\/wp\/v2\/users\/14"}],"replies":[{"embeddable":true,"href":"https:\/\/corpusry.fi\/index.php\/wp-json\/wp\/v2\/comments?post=1514"}],"version-history":[{"count":41,"href":"https:\/\/corpusry.fi\/index.php\/wp-json\/wp\/v2\/pages\/1514\/revisions"}],"predecessor-version":[{"id":3052,"href":"https:\/\/corpusry.fi\/index.php\/wp-json\/wp\/v2\/pages\/1514\/revisions\/3052"}],"wp:attachment":[{"href":"https:\/\/corpusry.fi\/index.php\/wp-json\/wp\/v2\/media?parent=1514"}],"curies":[{"name":"wp","href":"https:\/\/api.w.org\/{rel}","templated":true}]}}