{"id":1588,"date":"2020-10-29T11:11:39","date_gmt":"2020-10-29T09:11:39","guid":{"rendered":"https:\/\/corpusry.fi\/?page_id=1588"},"modified":"2020-12-16T12:02:43","modified_gmt":"2020-12-16T10:02:43","slug":"perinnetapahtumat","status":"publish","type":"page","link":"https:\/\/corpusry.fi\/index.php\/toiminta\/perinnetapahtumat\/","title":{"rendered":"Perinnetapahtumat"},"content":{"rendered":"\n<p><strong>Corpuksen tapahtumatiimi j\u00e4rjest\u00e4\u00e4 j\u00e4senist\u00f6lleen l\u00e4pi vuoden kaikenlaista hauskaa ohjelmaa. Tapahtumat vaihtelevat jossain m\u00e4\u00e4rin vuosittain, mutta perinnetapahtumat pyrit\u00e4\u00e4n j\u00e4rjest\u00e4m\u00e4\u00e4n joka vuosi. Tapahtumapaikasta, ohjelmasta ja tarjoiluista riippuen joihinkin tapahtumiin, kuten sitseille, on p\u00e4\u00e4symaksu, mutta suurin osa on maksuttomia. Jotkut tapahtumat j\u00e4rjestet\u00e4\u00e4n baariymp\u00e4rist\u00f6iss\u00e4, joissa on alkoholitarjoilua. Alkoholin k\u00e4ytt\u00f6 on aina vapaaehtoista ja j\u00e4rjest\u00e4mme my\u00f6s paljon t\u00e4ysin alkoholittomia tapahtumia.&nbsp;<\/strong><\/p>\n\n\n\n<p><\/p>\n\n\n\n<p><strong>Perinnetapahtumat:\u00a0Back to school -karaoke<\/strong> (Tammikuu)<\/p>\n\n\n\n<p>Uusi lukukausi yliopistossa aloitetaan Corpuksessa karaoken merkeiss\u00e4, kun tammikuussa j\u00e4rjestet\u00e4\u00e4n Back to School -karaokeiltama jossain Jyv\u00e4skyl\u00e4n karaokebaareista. Ilta vietet\u00e4\u00e4n Corpus-seurassa vaihdellen joululoman kuulumiset sek\u00e4 odotukset uudelle yliopistovuodelle. Luvassa hauskanpitoa laulaen!\u00a0<\/p>\n\n\n\n<p><strong>Runebergin p\u00e4iv\u00e4n illallinen<\/strong> <strong>(5.2)<\/strong><\/p>\n\n\n\n<p>Runebergin p\u00e4iv\u00e4n illallinen j\u00e4rjestet\u00e4\u00e4n valitussa ravintolassa nimens\u00e4 mukaisesti 5.2. Tapahtumaan pyydet\u00e4\u00e4n aina joku kirjallisuuteen tai muuhun sanataiteeseen liittyv\u00e4 puhuja illallistamaan kanssamme ja kertomaan ty\u00f6st\u00e4\u00e4n sek\u00e4 vastailemaan meid\u00e4n kysymyksiin. Vierailija voi olla kirjailija, r\u00e4pp\u00e4ri tai oikeastaan kuka tahansa sanojen parissa ty\u00f6skentelev\u00e4.<\/p>\n\n\n\n<p><strong>Corpus ja Sane laskee pulkalla (laskiainen)<\/strong><\/p>\n\n\n\n<p>Helmikuun lopulla Corpus ja suomen kielen ainej\u00e4rjest\u00f6 Sane p\u00e4\u00e4sev\u00e4t Harjulle pulkkam\u00e4keen (lumitilanteen salliessa)! M\u00e4enlaskun j\u00e4lkeen kokoonnutaan yhdess\u00e4 l\u00e4mmittelem\u00e4\u00e4n kuumien juomien ja tietenkin laskiaispullien \u00e4\u00e4relle. Psst: jos pulkkaa tai liukuria ei l\u00f6ydy, haalaritkin luistavat yll\u00e4tt\u00e4v\u00e4n hyvin!\u00a0<\/p>\n\n\n\n<p><strong>Kev\u00e4tkokous (maaliskuu-huhtikuu)<\/strong><\/p>\n\n\n\n<p>Corpuksella on kaksi varsinaista yhdistyksen kokousta, kev\u00e4t- ja syyskokous. Varsinaisissa kokouksissa kaikilla yhdistyksen j\u00e4senill\u00e4 on \u00e4\u00e4nioikeus. Kev\u00e4tkokouksessa esitet\u00e4\u00e4n edellisen toimikauden toimintakertomus, tilinp\u00e4\u00e4t\u00f6s sek\u00e4 toiminnantarkastajan lausunto. Lis\u00e4ksi kokouksessa valitaan Corpukselle uusi museologian oppiainevastaava sek\u00e4 yleens\u00e4 my\u00f6s ainej\u00e4rjest\u00f6lehti Naagan p\u00e4\u00e4toimittaja(t). Perinteisesti kev\u00e4tkokouksessa on ollut tarjolla my\u00f6s hyv\u00e4\u00e4 sy\u00f6t\u00e4v\u00e4\u00e4 ja kokousta on seurannut jokin hauska yhteistapahtuma, esimerkiksi pihapeli-ilta!<\/p>\n\n\n\n<p><strong>Toogabileet (huhtikuu)<\/strong><\/p>\n\n\n\n<p>Mit\u00e4 olisi akateeminen el\u00e4m\u00e4 ilman Toogabileit\u00e4, joissa kietaistaan ylle antiikista tuttu asukokonaisuus, filosofoidaan sek\u00e4 nautitaan viinist\u00e4 ja vallankaappausyrityksist\u00e4? Onneksi t\u00e4t\u00e4 kysymyst\u00e4 ei tarvitse pohtia, sill\u00e4 j\u00e4rjest\u00e4mme perinteiset Toogabileet filosofian ainej\u00e4rjest\u00f6 Mephiston kanssa joka huhtikuussa!\u00a0\u00a0<\/p>\n\n\n\n<p><strong>Vappuviikon tapahtumat<\/strong><\/p>\n\n\n\n<p>Vapu ei lopu! Opiskelijan vappu on yht\u00e4 juhlaa, my\u00f6s Corpuksessa. Huhtikuun viimeinen viikko onkin t\u00e4ynn\u00e4 vappuista ohjelmaa. Vappuviikon kattaukseen on perinteisesti kuulunut mm. pihapeli-ilta, luontoretki, k\u00e4mpp\u00e4approt, Mutkun vappubrunssi, haalarimerkkien ompelusessio, vappusitsit, vappuaaton Kirkkopuisto-hengailu sek\u00e4 tietenkin vappup\u00e4iv\u00e4n Harjun vappupiknik. Lis\u00e4ksi pyrimme j\u00e4rjest\u00e4m\u00e4\u00e4n mahdollisuuden osallistua corpuslaisten omalla porukalla vapun isompiin opiskelijatapahtumiin, kuten Jyv\u00e4sMetroon, jossa ideana on tehd\u00e4 bussikierros l\u00e4hialueiden baareissa. Tapahtumakattaus voi hieman vaihdella vuosittain, mutta yksi asia on varmaa: aktiviteetit eiv\u00e4t lopu kesken, kuten ei vapukaan!<\/p>\n\n\n\n<p><strong>Lukuvuoden aloituskaljat, elokuun loppu\/syyskuun alku<\/strong><\/p>\n\n\n\n<p>Lukuvuoden alussa kokoonnutaan uusien ja vanhojen hemulien kanssa vaihtamaan kes\u00e4n kuulumiset ja k\u00e4\u00e4nt\u00e4m\u00e4\u00e4n katseet tulevaa lukuvuotta kohti. Rentoa yhdess\u00e4oloa tuopposen, kaakaon tai vaikka pikkupurtavan \u00e4\u00e4rell\u00e4!<\/p>\n\n\n\n<p><strong>Uusien hemulien ilta, syyskuun alku: tutor- ja fuksivastaavat<\/strong><\/p>\n\n\n\n<p>Tutor- ja fuksivastaavat j\u00e4rjest\u00e4v\u00e4t yhdess\u00e4 tapahtumatiimin kanssa syyskuun alussa Uusien hemulien illan, jonka tarkoituksena on tutustuttaa uudet ja vanhat opiskelijat toisiinsa. Illanvieton ohjelmanumeroihin kuuluvat hallituksen ja vastaavien esittelykierros sek\u00e4 speedfriending vapaamuotoisen hengailun ja tutustumisen ohella!<\/p>\n\n\n\n<p><strong>Fuksiaiset syys\/lokakuu:<\/strong><\/p>\n\n\n\n<p>Syyskuun lopussa koittaa fuksien kastajaiset yliopistomaailmaan, eli tietenkin fuksiaiset! Fuksiaiset j\u00e4rjestet\u00e4\u00e4n aina jollain tietyll\u00e4 teemalla, ja t\u00e4m\u00e4n teeman mukaisesti osallistujat my\u00f6s pukeutuvat. Corpuksen toisen vuoden opiskelijoiden j\u00e4rkk\u00e4\u00e4miss\u00e4 fuksiaisissa fuksitiimit kiert\u00e4v\u00e4t ymp\u00e4ri Seminaarinm\u00e4ke\u00e4 teht\u00e4v\u00e4rasteilla, ja illan lopussa palkitaan parhaan tuloksen saanut fuksitiimi! Corpuksen fuksiaisissa ei ket\u00e4\u00e4n pakoteta juomaan tai tekem\u00e4\u00e4n mit\u00e4\u00e4n muutakaan: nolaamista ei harrasteta. My\u00f6s vanhat opiskelijat ovat tervetulleita osallistumaan ja kokeilemaan teht\u00e4v\u00e4rastien kiperi\u00e4 teht\u00e4vi\u00e4.<\/p>\n\n\n\n<p><strong>Corpus goes Kauppakadun Appro (lokakuun alku)<\/strong><\/p>\n\n\n\n<p>Lokakuun alussa koittaa yksi Jyv\u00e4skyl\u00e4n isoimmista opiskelijatapahtumista, Kauppakadun Appro! Approilla ideana on mets\u00e4st\u00e4\u00e4 tietyn tason tutkintoa, jonka saa juomalla\/sy\u00f6m\u00e4ll\u00e4 mahdollisimman monessa approkohteessa ymp\u00e4ri Jyv\u00e4skyl\u00e4n keskustaa. Onnistuneen tutkintosuorituksen j\u00e4lkeen on viel\u00e4 aikaa jatkoille approjen loppubileiden muodossa! Corpus on jo muutamien vuosien ajan j\u00e4rjest\u00e4nyt ryhm\u00e4lipunmyynti\u00e4 approille, ja ostamalla lippusi Corpuksen kautta saat varmasti hyvi\u00e4 tenttikavereita mukaasi Jyv\u00e4skyl\u00e4n y\u00f6h\u00f6n. Lis\u00e4tietoa Kauppakadun Approista t\u00e4\u00e4lt\u00e4: <a href=\"https:\/\/kauppakadunappro.com\/\">https:\/\/kauppakadunappro.com\/<\/a>\u00a0<\/p>\n\n\n\n<p><strong>Syyskokous (marraskuussa)<\/strong><\/p>\n\n\n\n<p>Syyskokous on toinen Corpuksen varsinaisista yhdistyksen kokouksista. Varsinaisissa kokouksissa kaikilla yhdistyksen j\u00e4senill\u00e4 on \u00e4\u00e4nioikeus. Syyskokouksessa vahvistetaan toimintasuunnitelma ja budjetti vuodelle 2020. Kaikkein j\u00e4nnitt\u00e4vin osa syyskokousta on kuitenkin seuraavan toimintavuoden puheenjohtajan, hallituksen ja muiden vastaavien valinta! Syyskokouksessa kaikki pestit ovat avoinna haettaviksi (paitsi kev\u00e4tkokouksessa t\u00e4ytett\u00e4v\u00e4t pestit, ks. ylh.), ja kuka tahansa Corpuksen j\u00e4sen voi hakea mit\u00e4 tahansa hallituspaikkaa tai vastaavuutta. Lis\u00e4ksi kokouksessa Corpuksen j\u00e4senet voivat \u00e4\u00e4nest\u00e4m\u00e4ll\u00e4 vaikuttaa siihen, keit\u00e4 pesteihin valitaan. Erityisen syyskokouksesta tekev\u00e4t my\u00f6s hyv\u00e4t tarjoilut sek\u00e4 mahdollisuus hengailla rennosti muiden corpuslaisten kanssa kokoustamisen ohessa!<\/p>\n\n\n\n<p><strong>Pikkujoulut med Sane<\/strong> (marraskuun lopussa\/joulukuun alussa)<\/p>\n\n\n\n<p>Pikkujoulut yhdess\u00e4 suomen kielen ainej\u00e4rjest\u00f6 Sanen kanssa j\u00e4rjestet\u00e4\u00e4n marraskuun lopulla tai joulukuun alussa. Iltaan sis\u00e4ltyy monenlaista ohjelmaa, kuten esimerkiksi Secret Santa -henkist\u00e4 lahjanvaihtoa ja visailua, sek\u00e4 jouluista sy\u00f6t\u00e4v\u00e4\u00e4 ja juotavaa. Pikkujoulujen vetovastuu on ensimm\u00e4isen vuoden opiskelijoilla, joilla on vapaus ideoida ja toteuttaa mieleisens\u00e4 tapahtuma! Apuna ja tukena toimivat tapahtumavastaavat.<\/p>\n\n\n\n<p><strong>Syysjuhla \/ kev\u00e4tjuhla<\/strong><\/p>\n\n\n\n<p>Corpus pyrkii kerran vuodessa j\u00e4rjest\u00e4m\u00e4\u00e4n joko syys- tai kev\u00e4tjuhlan, jonka ajankohtana on vuodesta riippuen maalis-\/huhtikuu tai loka-\/marraskuu. Tapahtuman pukukoodi on yleens\u00e4 hieman fiinimpi, sek\u00e4 my\u00f6s tarjoiluihin ja tilaan panostetaan. Illan viihdykkeeksi j\u00e4rjestet\u00e4\u00e4n my\u00f6s jos jonkinlaista kivaa ohjelmaa. Syys-\/kev\u00e4tjuhlassa voi my\u00f6s olla jokin pukeutumisteema, kuten vaikkapa syysaikaan Halloween! Tapahtumaa varten kootaan usein erillinen, isompi tiimi, jotta suunnittelu ja toteutus sujuvat jouhevammin. J\u00e4rjestelyihin osallistuminen on my\u00f6s oiva mahdollisuus p\u00e4\u00e4st\u00e4 tutustumaan tapahtumatiimin toimenkuvaan!<\/p>\n\n\n\n<p><strong>Peli-illat tasaisin v\u00e4liajoin, noin kerran kuussa<\/strong><\/p>\n\n\n\n<p>Corpuksen tapahtumatiimi j\u00e4rjest\u00e4\u00e4 noin kerran kuukaudessa rentoa (lauta)peli-iltaa, jossa tarkoituksena on pelata eri lauta- ja seurapelej\u00e4 yhdess\u00e4 muiden corpuslaisten kanssa. Tapahtumaa j\u00e4rjestet\u00e4\u00e4n niin yliopiston tiloissa alkoholittomana ett\u00e4 my\u00f6s baariymp\u00e4rist\u00f6ss\u00e4. V\u00e4lill\u00e4 peli-iltoja j\u00e4rjestet\u00e4\u00e4n my\u00f6s tietyll\u00e4 teemalla.\u00a0<\/p>\n","protected":false},"excerpt":{"rendered":"<p>Corpuksen tapahtumatiimi j\u00e4rjest\u00e4\u00e4 j\u00e4senist\u00f6lleen l\u00e4pi vuoden kaikenlaista hauskaa ohjelmaa. Tapahtumat vaihtelevat jossain m\u00e4\u00e4rin vuosittain, mutta perinnetapahtumat pyrit\u00e4\u00e4n j\u00e4rjest\u00e4m\u00e4\u00e4n joka vuosi. Tapahtumapaikasta, ohjelmasta ja tarjoiluista riippuen joihinkin tapahtumiin, kuten sitseille, on <a href=\"https:\/\/corpusry.fi\/index.php\/toiminta\/perinnetapahtumat\/\" class=\"more-link\">[&hellip;]<\/a><\/p>\n","protected":false},"author":14,"featured_media":0,"parent":151,"menu_order":0,"comment_status":"closed","ping_status":"closed","template":"","meta":{"Layout":"","footnotes":""},"class_list":["entry","author-janne-haatyla","post-1588","page","type-page","status-publish"],"_links":{"self":[{"href":"https:\/\/corpusry.fi\/index.php\/wp-json\/wp\/v2\/pages\/1588","targetHints":{"allow":["GET"]}}],"collection":[{"href":"https:\/\/corpusry.fi\/index.php\/wp-json\/wp\/v2\/pages"}],"about":[{"href":"https:\/\/corpusry.fi\/index.php\/wp-json\/wp\/v2\/types\/page"}],"author":[{"embeddable":true,"href":"https:\/\/corpusry.fi\/index.php\/wp-json\/wp\/v2\/users\/14"}],"replies":[{"embeddable":true,"href":"https:\/\/corpusry.fi\/index.php\/wp-json\/wp\/v2\/comments?post=1588"}],"version-history":[{"count":1,"href":"https:\/\/corpusry.fi\/index.php\/wp-json\/wp\/v2\/pages\/1588\/revisions"}],"predecessor-version":[{"id":1589,"href":"https:\/\/corpusry.fi\/index.php\/wp-json\/wp\/v2\/pages\/1588\/revisions\/1589"}],"up":[{"embeddable":true,"href":"https:\/\/corpusry.fi\/index.php\/wp-json\/wp\/v2\/pages\/151"}],"wp:attachment":[{"href":"https:\/\/corpusry.fi\/index.php\/wp-json\/wp\/v2\/media?parent=1588"}],"curies":[{"name":"wp","href":"https:\/\/api.w.org\/{rel}","templated":true}]}}