{"id":1643,"date":"2020-12-04T11:53:52","date_gmt":"2020-12-04T09:53:52","guid":{"rendered":"https:\/\/corpusry.fi\/?page_id=1643"},"modified":"2020-12-04T11:53:53","modified_gmt":"2020-12-04T09:53:53","slug":"4-luukku","status":"publish","type":"page","link":"https:\/\/corpusry.fi\/index.php\/4-luukku\/","title":{"rendered":"4. luukku"},"content":{"rendered":"\n<p><strong>Jouluiset maustemuffinit<\/strong><\/p>\n\n\n\n<p><br>Jos kaipaat vaihtelua piparkakuille ja joulutortuille, kokeile t\u00e4t\u00e4 jouluisen makeaa ja mausteista<br> muffiniohjetta Kahvila Kultavatkaimen reseptivarastosta! T\u00e4ll\u00e4 ohjeella muffinit syntyv\u00e4t k\u00e4den<br> k\u00e4\u00e4nteess\u00e4 simppeleist\u00e4 raaka-aineista, ja herkullinen lopputulos on taattu. Reseptist\u00e4 riitt\u00e4\u00e4 n. 12<br> muffiniin. Leivokset ovat parhaimmillaan nautittuina vaikkapa jouluteen, -kahvin tai gl\u00f6gin kanssa<br> \ud83d\ude42<\/p>\n\n\n\n<p><br><strong> Tarvitset:<\/strong><br> 2,5 dl kasvimaitoa (esim. kaura, soija, manteli\u2026)<br> 0,5 dl rypsi\u00f6ljy\u00e4<br> 1,5 dl sokeria<br> 0,5 tl suolaa<br> 0,5 tl kardemummaa<br> 1\u20132 tl kanelia<br> 0,5 tl inkiv\u00e4\u00e4ri\u00e4 (jauhettua)<br> (n. 1 dl rusinoita)<br> 3 dl vehn\u00e4jauhoja<br> 1 tl leivinjauhetta<br> 0,5 tl ruokasoodaa<\/p>\n\n\n\n<p><br> <strong>Tee n\u00e4in:<\/strong><\/p>\n\n\n\n<ol class=\"wp-block-list\"><li>Laita uuni kuumenemaan 190 asteeseen.<\/li><li>Sekoita kulhossa kasvimaito, \u00f6ljy, sokeri, suola ja muut mausteet. Lis\u00e4\u00e4 halutessasi rusinat.<\/li><li>Yhdist\u00e4 seokseen jauhot, leivinjauhe ja ruokasooda. Sekoita tasaiseksi.<\/li><li>Jaa valmis taikina muffinivuokiin. Parhaan lopputuloksen saa, kun k\u00e4ytt\u00e4\u00e4 muffinipelti\u00e4,<br> jonka koloihin vuoat on aseteltu. Mutta ei h\u00e4t\u00e4\u00e4, jos sinulta ei sellaista l\u00f6ydy; paperisia<br> vuokia kannattaa laittaa kaksi p\u00e4\u00e4llekk\u00e4in, jotta muffinit eiv\u00e4t levi\u00e4 aivan joka<br> ilmansuuntaan. Vinkki: \u201dylim\u00e4\u00e4r\u00e4isen\u201d vuoan voi k\u00e4ytt\u00e4\u00e4 uudelleen my\u00f6hemmin, niin ei<br> synny turhaa j\u00e4tett\u00e4!<\/li><li>Paista muffineja uunin keskitasolla n. 20 minuuttia.<\/li><li>Nosta uunista ja anna j\u00e4\u00e4hty\u00e4 (jos maltat). Halutessasi voit heitt\u00e4yty\u00e4 luovaksi ja koristella<br> muffinit esimerkiksi sokerikuorrutteella.<\/li><li>Nauti!  <br> <\/li><\/ol>\n\n\n\n<p> Resepti on muunnelma Sunday Blondie -blogin ohjeesta, joka l\u00f6ytyy t\u00e4\u00e4lt\u00e4:<br> https:\/\/www.lily.fi\/blogit\/sunday-blondie\/parhaat-vegaaniset-kuppikakut\/<\/p>\n\n\n\n<p><br> \u2013 Kultavatkaimen vastaavat toivottavat kaikille maukasta joulunodotusta! \u2764 <\/p>\n","protected":false},"excerpt":{"rendered":"<p>Jouluiset maustemuffinit Jos kaipaat vaihtelua piparkakuille ja joulutortuille, kokeile t\u00e4t\u00e4 jouluisen makeaa ja mausteista muffiniohjetta Kahvila Kultavatkaimen reseptivarastosta! T\u00e4ll\u00e4 ohjeella muffinit syntyv\u00e4t k\u00e4den k\u00e4\u00e4nteess\u00e4 simppeleist\u00e4 raaka-aineista, ja herkullinen lopputulos on <a href=\"https:\/\/corpusry.fi\/index.php\/4-luukku\/\" class=\"more-link\">[&hellip;]<\/a><\/p>\n","protected":false},"author":14,"featured_media":0,"parent":0,"menu_order":0,"comment_status":"closed","ping_status":"closed","template":"","meta":{"Layout":"","footnotes":""},"class_list":["entry","author-janne-haatyla","post-1643","page","type-page","status-publish"],"_links":{"self":[{"href":"https:\/\/corpusry.fi\/index.php\/wp-json\/wp\/v2\/pages\/1643","targetHints":{"allow":["GET"]}}],"collection":[{"href":"https:\/\/corpusry.fi\/index.php\/wp-json\/wp\/v2\/pages"}],"about":[{"href":"https:\/\/corpusry.fi\/index.php\/wp-json\/wp\/v2\/types\/page"}],"author":[{"embeddable":true,"href":"https:\/\/corpusry.fi\/index.php\/wp-json\/wp\/v2\/users\/14"}],"replies":[{"embeddable":true,"href":"https:\/\/corpusry.fi\/index.php\/wp-json\/wp\/v2\/comments?post=1643"}],"version-history":[{"count":1,"href":"https:\/\/corpusry.fi\/index.php\/wp-json\/wp\/v2\/pages\/1643\/revisions"}],"predecessor-version":[{"id":1644,"href":"https:\/\/corpusry.fi\/index.php\/wp-json\/wp\/v2\/pages\/1643\/revisions\/1644"}],"wp:attachment":[{"href":"https:\/\/corpusry.fi\/index.php\/wp-json\/wp\/v2\/media?parent=1643"}],"curies":[{"name":"wp","href":"https:\/\/api.w.org\/{rel}","templated":true}]}}