{"id":1721,"date":"2020-12-16T11:49:30","date_gmt":"2020-12-16T09:49:30","guid":{"rendered":"https:\/\/corpusry.fi\/?page_id=1721"},"modified":"2023-03-02T09:08:11","modified_gmt":"2023-03-02T07:08:11","slug":"aidinkielen-ja-kirjallisuuden-opettajalinja","status":"publish","type":"page","link":"https:\/\/corpusry.fi\/index.php\/jasenille\/oppiaineet\/aidinkielen-ja-kirjallisuuden-opettajalinja\/","title":{"rendered":"\u00c4idinkielen ja kirjallisuuden opettajalinja"},"content":{"rendered":"\n<p>Opintopolussa voi hakea my\u00f6s suoraan \u00e4idinkielen ja kirjallisuuden opettajien koulutukseen niin kutsutulle opettajalinjalle. T\u00e4ll\u00f6in hakija osallistuu kirjallisen valintakokeen lis\u00e4ksi my\u00f6s soveltuvuushaastatteluun. Opettajalinjalle valituilla opiskelijoilla on suoraan oikeudet opiskella sek\u00e4 kirjallisuuden, suomen kielen ett\u00e4 opettajan pedagogisia opintoja, joita kaikkia opiskellaan perus- ja aineopintojen verran. Ennen kandidaatintutkielmaa (yleens\u00e4 3. opiskeluvuonna) opintosuunnaksi valitaan joko suomen kieli tai kirjallisuus, ja kandidaatintutkielma tehd\u00e4\u00e4n valinnan mukaan joko suomen kielen tai kirjallisuuden opintoina. Syvent\u00e4v\u00e4t opinnot ja maisterintutkielma tehd\u00e4\u00e4n samasta aineesta, johon opiskelija on tehnyt kandidaatintutkielman. Opettajan pedagogisia opintoja tehd\u00e4\u00e4n muiden opintojen aikana ja opinnot sis\u00e4lt\u00e4v\u00e4t erilaisia opetusharjoitteluja eri kouluasteilla. Esimerkiksi aineopintojen aikana opiskelija voi hakeutua suorittamaan harjoittelunsa suomi toisena kielen\u00e4 opetuksen parissa. Lis\u00e4ksi opiskelija voi halutessaan sivuaineiden avulla p\u00e4tev\u00f6ity\u00e4 toisenkin aineen aineenopettajaksi.<br><\/p>\n\n\n\n<p>My\u00f6s muut kirjallisuuden opiskelijat voivat halutessaan hakeutua opiskelemaan suomen kielt\u00e4 ja kasvatustiedett\u00e4 saadakseen p\u00e4tevyyden toimia \u00e4idinkielen opettajina. K\u00e4\u00e4nny rohkeasti koulutussuunnittelija puoleen, jos haaveilet opettajan p\u00e4tevyydest\u00e4! Opettajalinjalaiset ty\u00f6llistyv\u00e4t laajasti erilaisiin teht\u00e4viin, niin opetusalalla eri kouluasteille, mutta my\u00f6s muihin teht\u00e4viin.<\/p>\n\n\n\n<p><a href=\"https:\/\/opinto-opas.jyu.fi\/2022\/fi\/tutkintoohjelma\/aikka2020\/\">\u00c4idinkielen ja kirjallisuuden aineenopettajan kandidaattiohjelman OPS<\/a><\/p>\n\n\n\n<p><a href=\"https:\/\/opinto-opas.jyu.fi\/2022\/fi\/tutkintoohjelma\/aikma2020\/\">\u00c4idinkielen ja kirjallisuuden aineenopettajan maisteriohjelma, opintosuuntana kirjallisuus OPS<\/a><\/p>\n","protected":false},"excerpt":{"rendered":"<p>Opintopolussa voi hakea my\u00f6s suoraan \u00e4idinkielen ja kirjallisuuden opettajien koulutukseen niin kutsutulle opettajalinjalle. T\u00e4ll\u00f6in hakija osallistuu kirjallisen valintakokeen lis\u00e4ksi my\u00f6s soveltuvuushaastatteluun. Opettajalinjalle valituilla opiskelijoilla on suoraan oikeudet opiskella sek\u00e4 kirjallisuuden, <a href=\"https:\/\/corpusry.fi\/index.php\/jasenille\/oppiaineet\/aidinkielen-ja-kirjallisuuden-opettajalinja\/\" class=\"more-link\">[&hellip;]<\/a><\/p>\n","protected":false},"author":14,"featured_media":0,"parent":108,"menu_order":0,"comment_status":"closed","ping_status":"closed","template":"","meta":{"Layout":"","footnotes":""},"class_list":["entry","author-janne-haatyla","post-1721","page","type-page","status-publish"],"_links":{"self":[{"href":"https:\/\/corpusry.fi\/index.php\/wp-json\/wp\/v2\/pages\/1721","targetHints":{"allow":["GET"]}}],"collection":[{"href":"https:\/\/corpusry.fi\/index.php\/wp-json\/wp\/v2\/pages"}],"about":[{"href":"https:\/\/corpusry.fi\/index.php\/wp-json\/wp\/v2\/types\/page"}],"author":[{"embeddable":true,"href":"https:\/\/corpusry.fi\/index.php\/wp-json\/wp\/v2\/users\/14"}],"replies":[{"embeddable":true,"href":"https:\/\/corpusry.fi\/index.php\/wp-json\/wp\/v2\/comments?post=1721"}],"version-history":[{"count":3,"href":"https:\/\/corpusry.fi\/index.php\/wp-json\/wp\/v2\/pages\/1721\/revisions"}],"predecessor-version":[{"id":2210,"href":"https:\/\/corpusry.fi\/index.php\/wp-json\/wp\/v2\/pages\/1721\/revisions\/2210"}],"up":[{"embeddable":true,"href":"https:\/\/corpusry.fi\/index.php\/wp-json\/wp\/v2\/pages\/108"}],"wp:attachment":[{"href":"https:\/\/corpusry.fi\/index.php\/wp-json\/wp\/v2\/media?parent=1721"}],"curies":[{"name":"wp","href":"https:\/\/api.w.org\/{rel}","templated":true}]}}