{"id":178,"date":"2017-04-24T16:18:03","date_gmt":"2017-04-24T13:18:03","guid":{"rendered":"https:\/\/corpusry.wordpress.com\/?page_id=178"},"modified":"2026-02-25T19:38:30","modified_gmt":"2026-02-25T17:38:30","slug":"museologian-seminaari","status":"publish","type":"page","link":"https:\/\/corpusry.fi\/index.php\/toiminta\/museologian-seminaari\/","title":{"rendered":"Museologian seminaari"},"content":{"rendered":"<div id=\"post-body-4436757065867092307\" class=\"post-body entry-content\">\n<div class=\"separator\"><\/div>\n<table class=\"tr-caption-container\" cellspacing=\"0\" cellpadding=\"0\" align=\"center\">\n<tbody>\n<tr>\n<td><a href=\"http:\/\/corpusry.fi\/wp-content\/uploads\/2017\/04\/7bff7-dsc_0638.jpg\"><img loading=\"lazy\" decoding=\"async\" src=\"http:\/\/corpusry.fi\/wp-content\/uploads\/2017\/04\/7bff7-dsc_0638.jpg?w=300\" width=\"640\" height=\"362\" border=\"0\" \/><\/a><\/td>\n<\/tr>\n<tr>\n<td class=\"tr-caption\"><em>Paneelikeskustelu Lumemenneisyys-seminaarissa kev\u00e4\u00e4ll\u00e4 2013. Kuva: Innimari Hyv\u00e4rinen<\/em><\/td>\n<\/tr>\n<\/tbody>\n<\/table>\n<p><strong>Museologian seminaarin nettisivut\u00a0<\/strong>l\u00f6yd\u00e4t osoitteesta\u00a0<a href=\"https:\/\/museologianseminaari.webnode.fi\/\">https:\/\/museologianseminaari.webnode.fi\/<\/a><\/p>\n<p><strong>Instagramista ja Facebookista\u00a0<\/strong>l\u00f6yd\u00e4t Museologian seminaarin nimell\u00e4 @museologianseminaari.<\/p>\n<p><b>Jyv\u00e4skyl\u00e4n yliopiston <\/b>museologian opiskelijat j\u00e4rjest\u00e4v\u00e4t kev\u00e4isin seminaarin, jonka tarkoituksena on koota yhteen museoalan opiskelijat ja ammattilaiset ymp\u00e4ri maata. Seminaareissa k\u00e4sitell\u00e4\u00e4n museoille ajankohtaisia teemoja luentojen ja keskustelun kautta. Seminaariohjelmaan kuuluu yhteinen iltajuhla, joka on yleens\u00e4 j\u00e4rjestetty jyv\u00e4skyl\u00e4l\u00e4isess\u00e4 museossa.<\/p>\n<p><b>Valtakunnallisia<\/b>\u00a0museologian seminaareja on j\u00e4rjestetty Jyv\u00e4skyl\u00e4ss\u00e4 vuodesta 1996 l\u00e4htien.\u00a0Niiden tarkoituksena on vahvistaa museologian oppiaineen asemaa ja arvostusta museo- ja kulttuurialalla, pit\u00e4\u00e4 yhteytt\u00e4 alan toimijoihin sek\u00e4 edist\u00e4\u00e4 museologian opiskelijoiden ty\u00f6llistymismahdollisuuksia.\u00a0Seminaarien ainutlaatuinen piirre on, ett\u00e4 ne ovat opiskelijavoimin j\u00e4rjestettyj\u00e4.\u00a0Vuoteen 2013 saakka niist\u00e4 vastasi museologian ainej\u00e4rjest\u00f6 Diaario.<\/p>\n<h2>2026: Ihmiset ja museoymp\u00e4rist\u00f6t<br \/>\nvuorovaikutuksessa<\/h2>\n<p>Museoymp\u00e4rist\u00f6 on olennainen osa museokokonaisuutta, joka koostuu rakennuksista, yleis\u00f6st\u00e4 ja ammattilaisista yhdess\u00e4 n\u00e4yttelyiden ja kokoelmien kanssa.<\/p>\n<p>Museorakennukset voivat olla itsess\u00e4\u00e4n kulttuurihistoriallisesti arvokkaita, jolloin niiden suojelu nousee keskeiseksi tavoitteeksi. N\u00e4iden sek\u00e4 muiden erilaisten tilojen hy\u00f6dynt\u00e4minen museotiloina tuo mukanaan omat haasteensa koskien esimerkiksi turvallisuutta ja saavutettavuutta, mik\u00e4 osoittaa my\u00f6s yleis\u00f6n huomioimisen merkitt\u00e4vyyden.<\/p>\n<p>Museot eiv\u00e4t toimi tyhji\u00f6ss\u00e4, vaan toimivat vuorovaikutuksessa ymp\u00e4rist\u00f6ns\u00e4 kanssa. Kuinka paljon painoarvoa museoymp\u00e4rist\u00f6ll\u00e4 on museokokonaisuudessa? Millaisia kysymyksi\u00e4 museoymp\u00e4rist\u00f6n mahdolliset muutokset tuovat mukanaan?<\/p>\n<p>Seminaari j\u00e4rjestet\u00e4\u00e4n Jyv\u00e4skyl\u00e4n yliopistolla 16.-17.4.2026.<\/p>\n<div>\n<div>\n<h2 lang=\"FI-FI\"><span lang=\"FI-FI\">2023: <\/span>\u00a0<span lang=\"FI-FI\">Tulevaisuuden museota rakentamassa<\/span><\/h2>\n<\/div>\n<div>\n<p lang=\"FI-FI\"><span lang=\"FI-FI\">El\u00e4mme muutosten aikaa ja yhteiskunnassamme my\u00f6s museo el\u00e4\u00e4 ja kehittyy ty\u00f6paikkana, millainen museo tulevia<\/span> <span lang=\"FI-FI\">kulttuuriperint\u00f6ty\u00f6n ammattilaisia odottaa? Monen muun toimijan tavoin museot ja muut kulttuuriperinn\u00f6n kanssa toimivat tahot joutuvat tarkastelemaan toimintatapojaan ja ottamaan toiminnassaan huomioon ajankohtaisia teemoja, kuten digitalisoituminen, taloudelliset haasteet, v\u00e4est\u00f6n ik\u00e4\u00e4ntyminen ja kest\u00e4v\u00e4 kehitys. Jo museorakennukset, joista suurta osaa ei ole alun perin suunniteltu museoiksi, voivat luoda ty\u00f6n tekemiseen haasteita, mutta toisaalta my\u00f6s mahdollisuuksia museokokemuksen rakentamiseen. V\u00e4est\u00f6n ik\u00e4\u00e4ntyminen koskettaa jokaisen ty\u00f6paikan tavoin my\u00f6s museoita ja alalle valmistuvia odottavat uudenlaiset haasteet muuttuvalla kulttuuriperint\u00f6kent\u00e4ll\u00e4. Yhteiskunta pyrkii kohti vihre\u00e4\u00e4 siirtym\u00e4\u00e4, joten museoidenkin tulee muuttaa toimintaansa ekologisemmaksi. My\u00f6s sosiaalisen ja kulttuurisen kest\u00e4vyyden huomioiminen museoty\u00f6ss\u00e4 on t\u00e4rke\u00e4\u00e4 ja on varmistettava, ett\u00e4 museot ovat helposti l\u00e4hestytt\u00e4vi\u00e4 jokaiselle.<\/span><\/p>\n<\/div>\n<div>\n<p lang=\"FI-FI\"><span lang=\"FI-FI\">Seminaari j\u00e4rjestettiin Jyv\u00e4skyl\u00e4n yliopistolla 20.-21.4.2023.<\/span><\/p>\n<\/div>\n<h2 lang=\"FI-FI\"><span lang=\"FI-FI\">2022:<\/span>\u00a0<span lang=\"FI-FI\">Muodonmuutoksia<\/span><\/h2>\n<\/div>\n<div>\n<p lang=\"FI-FI\"><span lang=\"FI-FI\">Koronapandemia on kriisi, joka uhkaa vakiintuneita toiminta- ja ajattelumallejamme niin yksil\u00f6llisell\u00e4 kuin yhteiskunnallisella tasolla. My\u00f6s museoilta odottamaton tilanne sulkuineen ja rajoituksineen on edellytt\u00e4nyt uusien ratkaisujen etsimist\u00e4 yleis\u00f6ty\u00f6h\u00f6n. Toisaalta perinteinen l\u00e4sn\u00e4olo on pit\u00e4nyt pintansa, ja museot n\u00e4ytt\u00e4ytyv\u00e4t valovoimaisina lohdun ja el\u00e4mysten tuojina my\u00f6s isojen muutosten keskell\u00e4: vaikka k\u00e4yntim\u00e4\u00e4r\u00e4t Suomen museoissa ovat poikkeusoloissa laskeneet, my\u00f6s k\u00e4vij\u00e4enn\u00e4tyksi\u00e4 on raportoitu, ja Museokorttia on uusittu ahkerasti. Samalla museoinstituutio katsoo jo tulevaisuuteen, pandemian tuolle puolen, toteuttaessaan teht\u00e4v\u00e4\u00e4ns\u00e4 kivuliaidenkin murrosten tallentajana. Seminaarin tavoitteena on pohtia museoiden toimintaa ja yhteiskunnallista roolia poikkeusaikana. <\/span><\/p>\n<\/div>\n<div>\n<p lang=\"FI-FI\"><span lang=\"FI-FI\">Seminaari pidettiin verkkotapahtumana 21.-22.4.2022<\/span><\/p>\n<div>\n<h2 lang=\"FI-FI\"><span lang=\"FI-FI\"><span style=\"font-family: arial, sans-serif;\">2021<\/span><span style=\"font-family: arial, sans-serif;\">: <\/span><\/span><span style=\"font-family: arial, sans-serif;\">\u00a0<\/span><span lang=\"FI-FI\">El\u00e4v\u00e4 historia &#8211; menneisyyden el\u00e4v\u00f6itt\u00e4misen haasteet ja mahdollisuudet museoymp\u00e4rist\u00f6ss\u00e4<\/span><\/h2>\n<\/div>\n<\/div>\n<div>\n<p lang=\"FI-FI\">El\u00e4v\u00e4\u00e4 historiaa on, kun historiallisin ty\u00f6menetelmien, toiminnan ja pukeutumisen kautta pyrit\u00e4\u00e4n luomaan osallitujalle tai katsojalle mielikuva ajassa taaksep\u00e4in astumisesta. Museossa el\u00e4v\u00e4 historia on laaja k\u00e4site, johon liittyy monenlaista toimintaa, esimerkiksi ty\u00f6n\u00e4yt\u00f6ksi\u00e4 ja ty\u00f6pajoja, museoteatteria, k\u00e4ytt\u00f6kokoelman hy\u00f6dynt\u00e4mist\u00e4, ennalistuksia n\u00e4yttelyiss\u00e4 ja kokeellista arkeologiaa. Historian el\u00e4voittaminen on monimuotoinen harrastus, joka my\u00f6s voi olla el\u00e4v\u00e4\u00e4 historiaa. El\u00e4voitt\u00e4j\u00e4t, usein ryhmin\u00e4, pyrkiv\u00e4t el\u00e4v\u00f6itt\u00e4m\u00e4\u00e4n tietyn ajan ja paikan historiassa pukeutumisen, varusteiden ja toiminnan kautta. Museomaailmassa historian el\u00e4voitt\u00e4j\u00e4t ovat kasvavissa m\u00e4\u00e4rin l\u00e4sn\u00e4 esiintyjin\u00e4 tapahtumissa ja mainonnassa.<\/p>\n<p lang=\"FI-FI\">Seminaari j\u00e4rjestettiin verkkotapahtumana 22.-23.4.2021<\/p>\n<\/div>\n<h2>2019: <a href=\"https:\/\/agricolaverkko.fi\/event\/museologian-seminaari-2019-ihminen-edella-nykyteknologia-museoiden-saavutettavuudessa-ja-elamyksessa\/?fbclid=IwAR3e3Hzo8eajxy36ayso3NtXAzlEpvhzaeBcGQfb01inKjxFgBFGuZKCthE\">Ihminen edell\u00e4 \u2013 nykyteknologia museoiden saavutettavuudessa ja el\u00e4myksess\u00e4<\/a><\/h2>\n<p>Vuoden 2019 museologian seminaarin aihe on ajankohtainen, sill\u00e4 teknologiaa on ryhdytty viime vuosien aikana yh\u00e4 enemm\u00e4n ottamaan osaksi museoita ja n\u00e4yttelyit\u00e4 niin suomessa kuin ulkomaillakin. Teknologialla on monia positiivisia piirteit\u00e4 mm. museoiden saavutettavuuden kannalta ja n\u00e4yttelyiden monipuolistajana, mutta toisaalta voiko teknologiaa olla liikaa? Seminaarissa haluaisimme tuoda esiin teknologian hyvi\u00e4 sek\u00e4 huonoja puolia. Seminaarin p\u00e4\u00e4paino asettuu erityisesti yleis\u00f6ty\u00f6lle, jota haluamme l\u00e4hesty\u00e4 nimenomaan ihmisen kannalta: miten teknologiaa ja esimerkiksi sosiaalista mediaa voidaan hy\u00f6dynt\u00e4\u00e4 museon saavutettavuuden sek\u00e4 el\u00e4mysten tuottamisen kannalta? Ottaen huomioon, ett\u00e4 museoiden tulisi olla kaikkien saavutettavissa. Saavutettavuudella tarkoitamme sit\u00e4, miten asiakkaiden erilaiset tarpeet otetaan huomioon museossa ja museok\u00e4ynnin kaikissa vaiheissa, mutta my\u00f6s sit\u00e4, miten teknologian avulla asiakkaat saadaan tietoisemmiksi museoista sek\u00e4 niiden toiminnasta \u2013 eli miten teknologian avulla asiakkaat saadaan l\u00f6yt\u00e4m\u00e4\u00e4n tiens\u00e4 museoon.<\/p>\n<p>Teknologian avulla pystyt\u00e4\u00e4n jo monessa museossa takaamaan liikuntarajoitteisille vaivaton liikkuminen museon tiloissa, mutta seminaarissa on tarkoitus keskitty\u00e4 saavutettavuuteen sosiaalisen median ja esimerkiksi verkkoon tuotujen kokoelmien ja virtuaalin\u00e4yttelyiden kautta. Meit\u00e4 kiinnostaa esimerkiksi mitk\u00e4 ovat verkkokokoelmien todelliset vaikutukset museoiden n\u00e4kyvyyden ja saavutettavuuden kannalta.<\/p>\n<p>Teknologialla on huomattava vaikutus my\u00f6s k\u00e4vij\u00f6iden museokokemukseen. Teknologia tarjoaa jo useissa kohteissa uusia, mielenkiintoisia ja laajempia mahdollisuuksia luoda tietoa n\u00e4yttelyn teemasta, varsinkin nykynuorille, jotka ovat kasvaneet teknologian keskell\u00e4. Kun teknologia yh\u00e4 enemm\u00e4n on l\u00e4sn\u00e4 museoissa, olisi hyv\u00e4 pohtia my\u00f6s teknologian todellista roolia museoiden n\u00e4yttelytoiminnassa ja sit\u00e4, miten taataan, ettei teknologia hukuta itse n\u00e4yttely\u00e4 ja sen sanomaa alleen.<\/p>\n<p>Seminaari j\u00e4rjestettiin 25.-26.4.2019.<\/p>\n<h2>2018:\u00a0<a href=\"https:\/\/museologian-seminaari-2018.webnode.fi\/\">Alkuper\u00e4iskansojen kulttuuriperint\u00f6 ja representointi museoissa<\/a><\/h2>\n<p dir=\"ltr\">Alkuper\u00e4iskansojen esineist\u00f6t ja aineeton kulttuuriperint\u00f6 ovat keskeinen osa museoiden kokoelmia. Teemaan liittyv\u00e4t monet kysymykset omistajuudesta, n\u00e4yttelyiden v\u00e4litt\u00e4m\u00e4st\u00e4 kuvasta ja kulttuurisesta tiedosta sek\u00e4 alkuper\u00e4iskansojen osallisuudesta museotoimintaan. My\u00f6s kulttuuriymp\u00e4rist\u00f6ihin liittyviss\u00e4 kysymyksiss\u00e4 moniarvoisuuden ja monimerkityksisyyden huomiointi on oleellista. Jo alkuper\u00e4iskansan k\u00e4site her\u00e4tt\u00e4\u00e4 kysymyksi\u00e4 &#8211; viitataanko sill\u00e4 alkuper\u00e4isiin asukkaisiin ennen valtionrajojen muodostumista vai nykyiseen etniseen v\u00e4hemmist\u00f6\u00f6n suhteessa valtav\u00e4est\u00f6\u00f6n?<\/p>\n<p dir=\"ltr\">Julkisessa keskustelussa kulttuurinen appropriaatio nousee ajoittain esiin ja my\u00f6s museoala joutuu pohtimaan omaa asemaansa, toimintaansa ja rooliaan yhteiskunnallisena instituutiona. Seminaarin aihe on ajankohtainen sek\u00e4 Suomessa ett\u00e4 maailmalla, sill\u00e4 kysymykset alkuper\u00e4iskansojen kokoelmien ja museo-objektien nykyisist\u00e4 sijaintipaikoista her\u00e4tt\u00e4v\u00e4t keskustelua.<\/p>\n<p>Seminaari j\u00e4rjestettiin 19.-20.4.2018 yhteisty\u00f6ss\u00e4 ICOM:in ja Museoalan ammattiliiton kanssa.<\/p>\n<h2>2017:\u00a0<a href=\"http:\/\/kiertoonkorjaukseenvaipoistoon.blogspot.fi\/\">Kiertoon, korjaukseen vai poistoon? &#8211; Onko museomaailma valmis KonMari-ajattelulle?<\/a><\/h2>\n<div>\n<p>Suomen 100-vuotisjuhlavuonna seminaarin teemana on kulttuuriperinn\u00f6n s\u00e4ilytt\u00e4minen. Kulttuuriperinn\u00f6n s\u00e4ilytt\u00e4minen on perinteisesti ollut museoiden, rakennussuojelun ja arkistojen varassa. Konkreettisimmin t\u00e4t\u00e4 toteutetaan konservoinnin ja restauroinnin puitteissa. Seminaarin teema nousee erityisen ajankohtaiseksi, kun pohdimme tiukassa taloudellisessa tilanteessa, mit\u00e4 tuleville sukupolville s\u00e4ilytet\u00e4\u00e4n ja millaisin keinoin.Mitk\u00e4 ovat instituutioiden ja yksityisten tahojen toimintatapoja kulttuuriperinn\u00f6n s\u00e4ilytt\u00e4misess\u00e4?Mik\u00e4 on aineellisen ja aineettoman kulttuuriperinn\u00f6n suhde? Jos objekti tuhoutuu tai poistetaan kokoelmista, kuinka sen kantamat merkitykset s\u00e4ilytet\u00e4\u00e4n?<\/p>\n<p>Museologian seminaari j\u00e4rjestettiin 20.-21.4.2017 Seminarium-rakennuksen vanhassa juhlasalissa. Seminaari j\u00e4rjestet\u00e4\u00e4n yhteisty\u00f6ss\u00e4 ICOM:in, Suomen konservaattoriliiton ja Suomen museoliiton kanssa.<\/p>\n<\/div>\n<h2>2016:\u00a0<a href=\"http:\/\/museotjapolttavatkysymykset.blogspot.fi\/\">Museot ja polttavat kysymykset<\/a><\/h2>\n<p>20. kertaa j\u00e4rjestett\u00e4v\u00e4n seminaarin kattoteema oli kansainv\u00e4liset sopimukset.\u00a0Maailmalla tapahtuvat aseelliset selkkaukset ja levottomuus ovat n\u00e4kyneet my\u00f6s Suomessa pakolaiskriisin\u00e4. Sotien runtelemilla alueilla on tapahtunut paitsi inhimillisi\u00e4 tragedioita, my\u00f6s tuhoutunut runsaasti kulttuurihistoriallisesti merkitt\u00e4v\u00e4\u00e4 aineistoa. T\u00e4llaisina aikoina kulttuuriperint\u00f6 ja sen suojelun tarve nousevat esille. Kuinka museot vastaavat polttaviin kysymyksiin ja kuinka ne voisivat osallistua n\u00e4iden aiheiden k\u00e4sittelyyn n\u00e4yttelyiden ja muun toiminnan kautta? Onko museoiden aika ottaa asiassa aktiivisempi ja rohkeampi rooli?<\/p>\n<div>\n<p>Seminaari toteutettiin yhteisty\u00f6ss\u00e4 ICOM:n Suomen komitean ja Suomen museoliiton kanssa.<\/p>\n<div>\n<h2>2015:\u00a0<a href=\"http:\/\/museoetiikka.blogspot.fi\/\">Museoetiikka 2.0:\u00a0Eettiset\u00a0n\u00e4k\u00f6kulmat kulttuuriperint\u00f6ty\u00f6ss\u00e4<\/a><\/h2>\n<p>Vuoden 2015 seminaari toteutettiin yhteisty\u00f6ss\u00e4 ICOM Suomen komitean ja Suomen museoliiton kanssa. Kehyksen seminaarin puheenvuoroille loivat ICOMin julkaisemat Museoty\u00f6n eettiset s\u00e4\u00e4nn\u00f6t.\u00a0Kuka saa m\u00e4\u00e4ritell\u00e4, mik\u00e4 on kulttuuriperint\u00f6\u00e4? Kenelle kulttuuriperint\u00f6 kuuluu? Pit\u00e4isik\u00f6 museokokoelmien olla ilman rajoituksia kaikkien saavutettavissa ja k\u00e4ytett\u00e4viss\u00e4? Kenen historiaa esittelemme? Voidaanko tai pit\u00e4\u00e4k\u00f6 jostakin vaieta? Voiko museo tehd\u00e4 kokoelmapoistoja? Miten kulttuuriperint\u00f6\u00e4 voi laittaa esille? Museo on yhteiskunnan muisti, mutta onko yhteiskunnalla oikeus my\u00f6s unohtaa? Millaista on 2000-luvun museoetiikka?<\/p>\n<h2>2014: <a href=\"http:\/\/groups.jyu.fi\/diaario\/seminaari2014\/index.html\">Kuluttakaa kulttuuria!<\/a><\/h2>\n<p>Osallistava museo sek\u00e4 vapaaehtoisuus ja p\u00e4\u00e4symaksuttomuus museoissa puhuttivat t\u00e4m\u00e4n vuoden seminaarissa. Seminaarissa k\u00e4siteltiin vapaaehtoistoimijoiden roolia sek\u00e4 pohditaan Kulttuuriluotsi- ja museon yst\u00e4v\u00e4t -toimintojen mahdollisuuksia. Kulttuurikaveritoiminta auttaa madaltamaan kynnyst\u00e4 osallistua kulttuuritapahtumiin, mutta kuinka pitk\u00e4lle museo voi toimia vapaaehtoisvoimin?<br \/>\nMuseoiden talous on toinen kovasti keskustelua her\u00e4tt\u00e4nyt aihe. Pohdimme, mit\u00e4 vaikutusta p\u00e4\u00e4symaksuttomuudella on museoihin. Voidaanko p\u00e4\u00e4symaksutulot korvata esimerkiksi museokaupalla?<\/p>\n<h2>2013: <a href=\"http:\/\/groups.jyu.fi\/diaario\/seminaari2013\/index.html\">Lumemenneisyys \u2013 museot virtuaalimaailmassa<\/a><\/h2>\n<p>Virtualisoituminen vaikuttaa v\u00e4ist\u00e4m\u00e4tt\u00e4 my\u00f6s museoiden toimintaan ja siihen, miten tallennamme kulttuuriperint\u00f6\u00e4mme. Kuinka tietotekninen kehitys muuttaa museoiden toimintaan, ja millaisia uusia n\u00e4k\u00f6kulmia se tuo meille? Pohdimme, kuinka uudet k\u00e4yt\u00e4nn\u00f6t sulautuvat museoiden perinteisiin ja mit\u00e4 niist\u00e4 yhdess\u00e4 syntyy.<\/p>\n<h2>2012: <a href=\"http:\/\/groups.jyu.fi\/diaario\/seminaari2012\/\">Rakkaudesta kulttuuriperint\u00f6\u00f6n \u2013 paikallismuseoiden arvo ja asema Suomessa<\/a><\/h2>\n<p>Kuka omistaa kulttuuriperinn\u00f6n ja ketk\u00e4 saavat p\u00e4\u00e4tt\u00e4\u00e4, mit\u00e4 sill\u00e4 tehd\u00e4\u00e4n? Mik\u00e4 vaikutus paikallismuseoilla on alueen asukkaiden arkeen, el\u00e4m\u00e4\u00e4n ja identiteettiin? Miten paikallismuseot kohtaavat kuntaliitokset, nykyp\u00e4iv\u00e4n kulttuurin ja talouskasvun vaatimukset? Kuinka museoiden toimintaa voidaan kehitt\u00e4\u00e4 vai t\u00e4ytyyk\u00f6 sit\u00e4 kehitt\u00e4\u00e4? Muun muassa n\u00e4ihin kysymyksiin etsittiin ratkaisuja vuoden 2012 seminaarissa.<\/p>\n<h2>2011: <a href=\"http:\/\/groups.jyu.fi\/diaario\/seminaari2011\/index.php\">Museot vuorovaikutuksessa<\/a><\/h2>\n<p>Seminaarissa pohdittiin museoiden sosiaalista roolia, mill\u00e4 tavoin museot ovat nykyp\u00e4iv\u00e4n\u00e4 vuoropuhelussa yhteiskunnan ja sen j\u00e4senten kanssa aktivoiden ja vaikuttaen. Seminaarissa nostettiin esiin my\u00f6s se, kuinka museot voivat lis\u00e4t\u00e4 vaikutuspiiriss\u00e4\u00e4n olevan yhteis\u00f6n ja yksil\u00f6iden kulttuurista hyvinvointia kurkottaessaan hankkeineen ja perustoiminnallaan kulttuurin kuluttajien pariin.<\/p>\n<h2>2010: <a href=\"http:\/\/groups.jyu.fi\/diaario\/seminaari2010\/etusivu.html\">Muistin huomen<\/a><\/h2>\n<p>Mit\u00e4 museoillemme tapahtuu kun muistettavaa on entist\u00e4 enemm\u00e4n? Kasvaako kapasiteettimme samaa vauhtia? Asiaa k\u00e4siteltiin taloudellisen tilanteen, kokoelmien, arkiston, digitaalisen kirjaston ja kirjastolaitoksen n\u00e4k\u00f6kulmasta.<\/p>\n<h2>2009: <a href=\"http:\/\/groups.jyu.fi\/diaario\/seminaari2009\/\">Katastrofi \u2013 museoiden uhkakuvia<\/a><\/h2>\n<p>T\u00e4m\u00e4n talven seminaarissa tarkastellaan, millaisten uhkakuvien kanssa museot el\u00e4v\u00e4t, miten museot voivat niit\u00e4 ennakoida ja ennaltaehk\u00e4ist\u00e4 sek\u00e4 mik\u00e4li pahimmat skenaariot toteutuvat, kuinka museo voi niist\u00e4 selvit\u00e4.<\/p>\n<h2>2008: Mit\u00e4 museo myy?<\/h2>\n<p>Seminaari k\u00e4sittelee museoiden tuotteistamista ja markkinointia sek\u00e4 pohtii myyv\u00e4tk\u00f6 kaikki museot jotain. Aihetta l\u00e4hestyt\u00e4\u00e4n museologien n\u00e4k\u00f6kulman, museoiden markkinoinnin k\u00e4yt\u00e4nn\u00f6nesimerkkien, museokauppojen ja museoalan ulkopuolisten asiantuntijoiden n\u00e4k\u00f6kulmien kautta.<\/p>\n<h2>2007: <a href=\"http:\/\/groups.jyu.fi\/diaario\/seminaari2007\/index.htm\">Tutkiva museo<\/a><\/h2>\n<p>Seminaarin aiheena oli tutkimus museoiden teht\u00e4v\u00e4kent\u00e4ss\u00e4. Mit\u00e4 museoiden tutkimuksella k\u00e4sitet\u00e4\u00e4n ja miten se k\u00e4yt\u00e4nn\u00f6ss\u00e4 niveltyy osaksi museon muuta toimintaa? Seminaarissa keskusteltiin eri akateemisten tieteenalojen mahdollisuuksista hy\u00f6dynt\u00e4\u00e4 museoiden kokoelmia ja tiet\u00e4myst\u00e4.<\/p>\n<h2>2006:<a href=\"http:\/\/groups.jyu.fi\/diaario\/seminaari2006\/index.htm\">Sensuroitu \u2013 Ei sovi museoon<\/a><\/h2>\n<p>Sensuroitu &#8211; Ei sovi museoon &#8211; seminaarissa k\u00e4siteltiin museoty\u00f6ss\u00e4 tapahtuvia rajanvetoja: tahallisia ja tahattomia. Aihetta k\u00e4siteltiin kokoelmien, n\u00e4yttelyiden, museoiden el\u00e4v\u00f6itt\u00e4misen ja oheistoiminnan kannalta. Tarkastelun kohteena ovat my\u00f6s sensuroinnin ja unohdusten syyt.<\/p>\n<h2>2005: <a href=\"http:\/\/groups.jyu.fi\/diaario\/seminaari2005\/index.htm\">Museologian j\u00e4ljill\u00e4<\/a><\/h2>\n<p>Seminaarin aiheena oli museologian opetuksen nykytila ja tulevaisuus: millaisia haasteita museologian opetukselle asettavat mm. museoalaa koskeva lains\u00e4\u00e4d\u00e4nt\u00f6, yliopisto-opetuksen uudistukset sek\u00e4 ennen kaikkea ty\u00f6el\u00e4m\u00e4n vaatimukset.<\/p>\n<h2>2004: <a href=\"http:\/\/groups.jyu.fi\/diaario\/seminaari2004\/index.php\">Aisti muisti<\/a><\/h2>\n<p>Seminaari l\u00e4hestyi aisteja niin tallentamisen, n\u00e4yttelyiden kuin saavutettavuudenkin kannalta muistuttaen erityisesti aistien monimuotoisuudesta.<\/p>\n<h2>2003: <a href=\"http:\/\/groups.jyu.fi\/diaario\/seminaari2003\/index.htm\">Suuret setelit<\/a><\/h2>\n<p>Seminaarissa k\u00e4siteltiin erilaisia museoiden rahoituksen osa-alueita: sponsorointia, EU-rahoitusta ja vapaaehtoisty\u00f6t\u00e4.<\/p>\n<h2>2002:Valtakunnalliset museop\u00e4iv\u00e4t<\/h2>\n<p>Diaario osallistui Valtakunnallisten museop\u00e4ivien j\u00e4rjestelyihin Jyv\u00e4skyl\u00e4ss\u00e4.<\/p>\n<h2>2001:<a href=\"http:\/\/groups.jyu.fi\/diaario\/seminaari2001\/index.htm\">Kyll\u00e4 museo opettaa<\/a><\/h2>\n<p>Museopedagogiikkaa k\u00e4sittelev\u00e4 seminaari ker\u00e4si l\u00e4hes 200 osallistujaa.<\/p>\n<h2>2000: <a href=\"http:\/\/groups.jyu.fi\/diaario\/seminaari2000\/index.html\">Muikku! \u2013 museo ja valokuva<\/a><\/h2>\n<p>Teemana oli valokuva museoiden tallennus- ja dokumentointity\u00f6n osana.<\/p>\n<h2>1999:Valta<\/h2>\n<p>Seminaarissa pohdittiin mm. museoiden valtaa menneisyyskuvan luomisessa, rahan valtaa museotoiminnassa sek\u00e4 vallanjakoa museon sis\u00e4ll\u00e4. Osallistujam\u00e4\u00e4r\u00e4 oli kaikkien aikojen enn\u00e4tys 250 henke\u00e4.<\/p>\n<h2>1998:<a href=\"http:\/\/groups.jyu.fi\/diaario\/seminaari1998\/index.html\">Urakka<\/a><\/h2>\n<p>Seminaari suunnattiin erityisesti opiskelijoille, joita kiinnostavat museoty\u00f6n eri muodot ja ty\u00f6llistymismahdollisuudet.<\/p>\n<h2>1997:Aikakone ja verkkoaika \u2013 virtuaalisukupolven museot ja paikalliskulttuuri<\/h2>\n<p>Seminaari pureutui tietoyhteiskunnan museoille tuomiin haasteisiin.<\/p>\n<h2>1996:Museol\u00f6yt\u00f6j\u00e4 ja mustia aukkoja<\/h2>\n<p>Seminaari ravisteli museoihin ja museologeihin liittyvi\u00e4 stereotypioita, kuten k\u00e4sityst\u00e4 museoista p\u00f6lyisen menneisyyden vartijoina.<\/p>\n<\/div>\n<\/div>\n<\/div>\n","protected":false},"excerpt":{"rendered":"<p>Paneelikeskustelu Lumemenneisyys-seminaarissa kev\u00e4\u00e4ll\u00e4 2013. Kuva: Innimari Hyv\u00e4rinen Museologian seminaarin nettisivut\u00a0l\u00f6yd\u00e4t osoitteesta\u00a0https:\/\/museologianseminaari.webnode.fi\/ Instagramista ja Facebookista\u00a0l\u00f6yd\u00e4t Museologian seminaarin nimell\u00e4 @museologianseminaari. Jyv\u00e4skyl\u00e4n yliopiston museologian opiskelijat j\u00e4rjest\u00e4v\u00e4t kev\u00e4isin seminaarin, jonka tarkoituksena on koota yhteen <a href=\"https:\/\/corpusry.fi\/index.php\/toiminta\/museologian-seminaari\/\" class=\"more-link\">[&hellip;]<\/a><\/p>\n","protected":false},"author":3,"featured_media":0,"parent":151,"menu_order":0,"comment_status":"closed","ping_status":"closed","template":"","meta":{"Layout":"","footnotes":""},"class_list":["entry","author-maisa-virtanen","post-178","page","type-page","status-publish"],"_links":{"self":[{"href":"https:\/\/corpusry.fi\/index.php\/wp-json\/wp\/v2\/pages\/178","targetHints":{"allow":["GET"]}}],"collection":[{"href":"https:\/\/corpusry.fi\/index.php\/wp-json\/wp\/v2\/pages"}],"about":[{"href":"https:\/\/corpusry.fi\/index.php\/wp-json\/wp\/v2\/types\/page"}],"author":[{"embeddable":true,"href":"https:\/\/corpusry.fi\/index.php\/wp-json\/wp\/v2\/users\/3"}],"replies":[{"embeddable":true,"href":"https:\/\/corpusry.fi\/index.php\/wp-json\/wp\/v2\/comments?post=178"}],"version-history":[{"count":10,"href":"https:\/\/corpusry.fi\/index.php\/wp-json\/wp\/v2\/pages\/178\/revisions"}],"predecessor-version":[{"id":3064,"href":"https:\/\/corpusry.fi\/index.php\/wp-json\/wp\/v2\/pages\/178\/revisions\/3064"}],"up":[{"embeddable":true,"href":"https:\/\/corpusry.fi\/index.php\/wp-json\/wp\/v2\/pages\/151"}],"wp:attachment":[{"href":"https:\/\/corpusry.fi\/index.php\/wp-json\/wp\/v2\/media?parent=178"}],"curies":[{"name":"wp","href":"https:\/\/api.w.org\/{rel}","templated":true}]}}