{"id":1871,"date":"2021-12-08T14:54:27","date_gmt":"2021-12-08T12:54:27","guid":{"rendered":"https:\/\/corpusry.fi\/?page_id=1871"},"modified":"2021-12-08T14:54:27","modified_gmt":"2021-12-08T12:54:27","slug":"8-luukku-2","status":"publish","type":"page","link":"https:\/\/corpusry.fi\/index.php\/8-luukku-2\/","title":{"rendered":"8. Luukku"},"content":{"rendered":"\n<p>Itsen\u00e4isyysp\u00e4iv\u00e4\u00e4 ei ole viel\u00e4 unohdettu. :DD<\/p>\n\n\n\n<p>T. Tonttu 1 ja tonttu 2<\/p>\n\n\n\n<figure class=\"wp-block-image size-large\"><img loading=\"lazy\" decoding=\"async\" width=\"549\" height=\"1024\" src=\"https:\/\/corpusry.fi\/wp-content\/uploads\/2021\/12\/7FE0EFD2-8027-45DF-9348-A21C9D4F99E0-549x1024.jpeg\" alt=\"\" class=\"wp-image-1872\" srcset=\"https:\/\/corpusry.fi\/wp-content\/uploads\/2021\/12\/7FE0EFD2-8027-45DF-9348-A21C9D4F99E0-549x1024.jpeg 549w, https:\/\/corpusry.fi\/wp-content\/uploads\/2021\/12\/7FE0EFD2-8027-45DF-9348-A21C9D4F99E0-161x300.jpeg 161w, https:\/\/corpusry.fi\/wp-content\/uploads\/2021\/12\/7FE0EFD2-8027-45DF-9348-A21C9D4F99E0-768x1434.jpeg 768w, https:\/\/corpusry.fi\/wp-content\/uploads\/2021\/12\/7FE0EFD2-8027-45DF-9348-A21C9D4F99E0-823x1536.jpeg 823w, https:\/\/corpusry.fi\/wp-content\/uploads\/2021\/12\/7FE0EFD2-8027-45DF-9348-A21C9D4F99E0-268x500.jpeg 268w, https:\/\/corpusry.fi\/wp-content\/uploads\/2021\/12\/7FE0EFD2-8027-45DF-9348-A21C9D4F99E0.jpeg 960w\" sizes=\"auto, (max-width: 549px) 100vw, 549px\" \/><\/figure>\n","protected":false},"excerpt":{"rendered":"<p>Itsen\u00e4isyysp\u00e4iv\u00e4\u00e4 ei ole viel\u00e4 unohdettu. :DD T. Tonttu 1 ja tonttu 2<\/p>\n","protected":false},"author":19,"featured_media":0,"parent":0,"menu_order":0,"comment_status":"closed","ping_status":"closed","template":"","meta":{"Layout":"","footnotes":""},"class_list":["entry","author-snupponen","post-1871","page","type-page","status-publish"],"_links":{"self":[{"href":"https:\/\/corpusry.fi\/index.php\/wp-json\/wp\/v2\/pages\/1871","targetHints":{"allow":["GET"]}}],"collection":[{"href":"https:\/\/corpusry.fi\/index.php\/wp-json\/wp\/v2\/pages"}],"about":[{"href":"https:\/\/corpusry.fi\/index.php\/wp-json\/wp\/v2\/types\/page"}],"author":[{"embeddable":true,"href":"https:\/\/corpusry.fi\/index.php\/wp-json\/wp\/v2\/users\/19"}],"replies":[{"embeddable":true,"href":"https:\/\/corpusry.fi\/index.php\/wp-json\/wp\/v2\/comments?post=1871"}],"version-history":[{"count":1,"href":"https:\/\/corpusry.fi\/index.php\/wp-json\/wp\/v2\/pages\/1871\/revisions"}],"predecessor-version":[{"id":1873,"href":"https:\/\/corpusry.fi\/index.php\/wp-json\/wp\/v2\/pages\/1871\/revisions\/1873"}],"wp:attachment":[{"href":"https:\/\/corpusry.fi\/index.php\/wp-json\/wp\/v2\/media?parent=1871"}],"curies":[{"name":"wp","href":"https:\/\/api.w.org\/{rel}","templated":true}]}}