{"id":2053,"date":"2022-12-04T13:40:50","date_gmt":"2022-12-04T11:40:50","guid":{"rendered":"https:\/\/corpusry.fi\/?page_id=2053"},"modified":"2022-12-04T13:40:50","modified_gmt":"2022-12-04T11:40:50","slug":"4-luukku-3","status":"publish","type":"page","link":"https:\/\/corpusry.fi\/index.php\/4-luukku-3\/","title":{"rendered":"4. Luukku"},"content":{"rendered":"\n<p>Ky\u00f6sti toivottaa kaikille mukavaa joulun odotusta ja hyv\u00e4\u00e4 toista adventtia! &lt;3 t: rebe (ja ky\u00f6sti)<\/p>\n\n\n\n<figure class=\"wp-block-image size-full\"><img loading=\"lazy\" decoding=\"async\" width=\"480\" height=\"640\" src=\"https:\/\/corpusry.fi\/wp-content\/uploads\/2022\/12\/IMG_1319.jpg\" alt=\"\" class=\"wp-image-2054\" srcset=\"https:\/\/corpusry.fi\/wp-content\/uploads\/2022\/12\/IMG_1319.jpg 480w, https:\/\/corpusry.fi\/wp-content\/uploads\/2022\/12\/IMG_1319-225x300.jpg 225w, https:\/\/corpusry.fi\/wp-content\/uploads\/2022\/12\/IMG_1319-375x500.jpg 375w\" sizes=\"auto, (max-width: 480px) 100vw, 480px\" \/><\/figure>\n","protected":false},"excerpt":{"rendered":"<p>Ky\u00f6sti toivottaa kaikille mukavaa joulun odotusta ja hyv\u00e4\u00e4 toista adventtia! &lt;3 t: rebe (ja ky\u00f6sti)<\/p>\n","protected":false},"author":19,"featured_media":0,"parent":0,"menu_order":0,"comment_status":"closed","ping_status":"closed","template":"","meta":{"Layout":"","footnotes":""},"class_list":["entry","author-snupponen","post-2053","page","type-page","status-publish"],"_links":{"self":[{"href":"https:\/\/corpusry.fi\/index.php\/wp-json\/wp\/v2\/pages\/2053","targetHints":{"allow":["GET"]}}],"collection":[{"href":"https:\/\/corpusry.fi\/index.php\/wp-json\/wp\/v2\/pages"}],"about":[{"href":"https:\/\/corpusry.fi\/index.php\/wp-json\/wp\/v2\/types\/page"}],"author":[{"embeddable":true,"href":"https:\/\/corpusry.fi\/index.php\/wp-json\/wp\/v2\/users\/19"}],"replies":[{"embeddable":true,"href":"https:\/\/corpusry.fi\/index.php\/wp-json\/wp\/v2\/comments?post=2053"}],"version-history":[{"count":1,"href":"https:\/\/corpusry.fi\/index.php\/wp-json\/wp\/v2\/pages\/2053\/revisions"}],"predecessor-version":[{"id":2055,"href":"https:\/\/corpusry.fi\/index.php\/wp-json\/wp\/v2\/pages\/2053\/revisions\/2055"}],"wp:attachment":[{"href":"https:\/\/corpusry.fi\/index.php\/wp-json\/wp\/v2\/media?parent=2053"}],"curies":[{"name":"wp","href":"https:\/\/api.w.org\/{rel}","templated":true}]}}