{"id":2092,"date":"2022-12-11T19:32:06","date_gmt":"2022-12-11T17:32:06","guid":{"rendered":"https:\/\/corpusry.fi\/?page_id=2092"},"modified":"2022-12-11T19:32:06","modified_gmt":"2022-12-11T17:32:06","slug":"11-luukku-3","status":"publish","type":"page","link":"https:\/\/corpusry.fi\/index.php\/11-luukku-3\/","title":{"rendered":"11. Luukku"},"content":{"rendered":"\n<p>Puheenjohtajaltamme Sannilta runo!<\/p>\n\n\n\n<hr class=\"wp-block-separator\"\/>\n\n\n\n<p>Min\u00e4 tunnen sen<\/p>\n\n\n\n<p>Maan joka ikisen hengenvedon<\/p>\n\n\n\n<p>silloinkin kun makaan polvet verill\u00e4 vasten asfalttia.<\/p>\n\n\n\n<p>Se viilt\u00e4\u00e4 vasten ihoani lempe\u00e4n\u00e4 kuiskauksena.<\/p>\n\n\n\n<p>Tunnen meren soinnut<\/p>\n\n\n\n<p>ja sen rytmin.<\/p>\n\n\n\n<p>Sen kuinka aallot hakkaavat kallion sein\u00e4m\u00e4\u00e4n<\/p>\n\n\n\n<p>ja vaipuvat sitten ikihiljaisuuteen.<\/p>\n\n\n\n<p>En valitse polkua<\/p>\n\n\n\n<p>joka jakautuu kahteen<\/p>\n\n\n\n<p>kolmeen<\/p>\n\n\n\n<p>nelj\u00e4\u00e4n<\/p>\n\n\n\n<p>vaan teen oman tieni<\/p>\n\n\n\n<p>sinne<\/p>\n\n\n\n<p>t\u00e4nne<\/p>\n\n\n\n<p>alas ja yl\u00f6s<\/p>\n\n\n\n<p>revin viel\u00e4 t\u00e4hdetkin taivaalta ennen kuin vaivun&nbsp; maan multaan.<\/p>\n","protected":false},"excerpt":{"rendered":"<p>Puheenjohtajaltamme Sannilta runo! Min\u00e4 tunnen sen Maan joka ikisen hengenvedon silloinkin kun makaan polvet verill\u00e4 vasten asfalttia. Se viilt\u00e4\u00e4 vasten ihoani lempe\u00e4n\u00e4 kuiskauksena. Tunnen meren soinnut ja sen rytmin. Sen <a href=\"https:\/\/corpusry.fi\/index.php\/11-luukku-3\/\" class=\"more-link\">[&hellip;]<\/a><\/p>\n","protected":false},"author":19,"featured_media":0,"parent":0,"menu_order":0,"comment_status":"closed","ping_status":"closed","template":"","meta":{"Layout":"","footnotes":""},"class_list":["entry","author-snupponen","post-2092","page","type-page","status-publish"],"_links":{"self":[{"href":"https:\/\/corpusry.fi\/index.php\/wp-json\/wp\/v2\/pages\/2092","targetHints":{"allow":["GET"]}}],"collection":[{"href":"https:\/\/corpusry.fi\/index.php\/wp-json\/wp\/v2\/pages"}],"about":[{"href":"https:\/\/corpusry.fi\/index.php\/wp-json\/wp\/v2\/types\/page"}],"author":[{"embeddable":true,"href":"https:\/\/corpusry.fi\/index.php\/wp-json\/wp\/v2\/users\/19"}],"replies":[{"embeddable":true,"href":"https:\/\/corpusry.fi\/index.php\/wp-json\/wp\/v2\/comments?post=2092"}],"version-history":[{"count":2,"href":"https:\/\/corpusry.fi\/index.php\/wp-json\/wp\/v2\/pages\/2092\/revisions"}],"predecessor-version":[{"id":2094,"href":"https:\/\/corpusry.fi\/index.php\/wp-json\/wp\/v2\/pages\/2092\/revisions\/2094"}],"wp:attachment":[{"href":"https:\/\/corpusry.fi\/index.php\/wp-json\/wp\/v2\/media?parent=2092"}],"curies":[{"name":"wp","href":"https:\/\/api.w.org\/{rel}","templated":true}]}}