{"id":2330,"date":"2023-12-03T20:27:36","date_gmt":"2023-12-03T18:27:36","guid":{"rendered":"https:\/\/corpusry.fi\/?page_id=2330"},"modified":"2023-12-03T20:27:36","modified_gmt":"2023-12-03T18:27:36","slug":"3-luukku-4","status":"publish","type":"page","link":"https:\/\/corpusry.fi\/index.php\/3-luukku-4\/","title":{"rendered":"3. Luukku"},"content":{"rendered":"\n<p>meid\u00e4n kuusi! t. riina. (my\u00f6s kalle p\u00e4\u00e4talo fanit saavat nauttia)<\/p>\n\n\n\n<figure class=\"wp-block-image size-large\"><img loading=\"lazy\" decoding=\"async\" width=\"768\" height=\"1024\" src=\"https:\/\/corpusry.fi\/wp-content\/uploads\/2023\/12\/WhatsApp-Image-2023-12-03-at-20.11.26-1-768x1024.jpeg\" alt=\"\" class=\"wp-image-2331\" srcset=\"https:\/\/corpusry.fi\/wp-content\/uploads\/2023\/12\/WhatsApp-Image-2023-12-03-at-20.11.26-1-768x1024.jpeg 768w, https:\/\/corpusry.fi\/wp-content\/uploads\/2023\/12\/WhatsApp-Image-2023-12-03-at-20.11.26-1-225x300.jpeg 225w, https:\/\/corpusry.fi\/wp-content\/uploads\/2023\/12\/WhatsApp-Image-2023-12-03-at-20.11.26-1-1152x1536.jpeg 1152w, https:\/\/corpusry.fi\/wp-content\/uploads\/2023\/12\/WhatsApp-Image-2023-12-03-at-20.11.26-1-1536x2048.jpeg 1536w, https:\/\/corpusry.fi\/wp-content\/uploads\/2023\/12\/WhatsApp-Image-2023-12-03-at-20.11.26-1-375x500.jpeg 375w, https:\/\/corpusry.fi\/wp-content\/uploads\/2023\/12\/WhatsApp-Image-2023-12-03-at-20.11.26-1-scaled.jpeg 1920w\" sizes=\"auto, (max-width: 768px) 100vw, 768px\" \/><\/figure>\n","protected":false},"excerpt":{"rendered":"<p>meid\u00e4n kuusi! t. riina. (my\u00f6s kalle p\u00e4\u00e4talo fanit saavat nauttia)<\/p>\n","protected":false},"author":19,"featured_media":0,"parent":0,"menu_order":0,"comment_status":"closed","ping_status":"closed","template":"","meta":{"Layout":"","footnotes":""},"class_list":["entry","author-snupponen","post-2330","page","type-page","status-publish"],"_links":{"self":[{"href":"https:\/\/corpusry.fi\/index.php\/wp-json\/wp\/v2\/pages\/2330","targetHints":{"allow":["GET"]}}],"collection":[{"href":"https:\/\/corpusry.fi\/index.php\/wp-json\/wp\/v2\/pages"}],"about":[{"href":"https:\/\/corpusry.fi\/index.php\/wp-json\/wp\/v2\/types\/page"}],"author":[{"embeddable":true,"href":"https:\/\/corpusry.fi\/index.php\/wp-json\/wp\/v2\/users\/19"}],"replies":[{"embeddable":true,"href":"https:\/\/corpusry.fi\/index.php\/wp-json\/wp\/v2\/comments?post=2330"}],"version-history":[{"count":1,"href":"https:\/\/corpusry.fi\/index.php\/wp-json\/wp\/v2\/pages\/2330\/revisions"}],"predecessor-version":[{"id":2332,"href":"https:\/\/corpusry.fi\/index.php\/wp-json\/wp\/v2\/pages\/2330\/revisions\/2332"}],"wp:attachment":[{"href":"https:\/\/corpusry.fi\/index.php\/wp-json\/wp\/v2\/media?parent=2330"}],"curies":[{"name":"wp","href":"https:\/\/api.w.org\/{rel}","templated":true}]}}