{"id":2378,"date":"2023-12-13T17:13:29","date_gmt":"2023-12-13T15:13:29","guid":{"rendered":"https:\/\/corpusry.fi\/?page_id=2378"},"modified":"2023-12-13T17:13:29","modified_gmt":"2023-12-13T15:13:29","slug":"13-luukku-4","status":"publish","type":"page","link":"https:\/\/corpusry.fi\/index.php\/13-luukku-4\/","title":{"rendered":"13. Luukku"},"content":{"rendered":"\n<p>Kaksitoista p\u00e4iv\u00e4\u00e4<br>Viel\u00e4 voin jaksaa<br>Viel\u00e4 voin odottaa<br>Ei huolen h\u00e4iv\u00e4\u00e4<\/p>\n\n\n\n<p>Toivon ainakin n\u00e4it\u00e4<br>Kaunis y\u00f6, loistavat valot &#8211;<br>Hehkuvien kynttil\u00f6iden palot;<br>Lumen ja valon h\u00e4it\u00e4<\/p>\n\n\n\n<p>Ja rauha omalla keholla;<br>Mit\u00e4 muuta Joulun pit\u00e4isi olla?<br>-Anonyymi<\/p>\n","protected":false},"excerpt":{"rendered":"<p>Kaksitoista p\u00e4iv\u00e4\u00e4Viel\u00e4 voin jaksaaViel\u00e4 voin odottaaEi huolen h\u00e4iv\u00e4\u00e4 Toivon ainakin n\u00e4it\u00e4Kaunis y\u00f6, loistavat valot &#8211;Hehkuvien kynttil\u00f6iden palot;Lumen ja valon h\u00e4it\u00e4 Ja rauha omalla keholla;Mit\u00e4 muuta Joulun pit\u00e4isi olla?-Anonyymi<\/p>\n","protected":false},"author":19,"featured_media":0,"parent":0,"menu_order":0,"comment_status":"closed","ping_status":"closed","template":"","meta":{"Layout":"","footnotes":""},"class_list":["entry","author-snupponen","post-2378","page","type-page","status-publish"],"_links":{"self":[{"href":"https:\/\/corpusry.fi\/index.php\/wp-json\/wp\/v2\/pages\/2378","targetHints":{"allow":["GET"]}}],"collection":[{"href":"https:\/\/corpusry.fi\/index.php\/wp-json\/wp\/v2\/pages"}],"about":[{"href":"https:\/\/corpusry.fi\/index.php\/wp-json\/wp\/v2\/types\/page"}],"author":[{"embeddable":true,"href":"https:\/\/corpusry.fi\/index.php\/wp-json\/wp\/v2\/users\/19"}],"replies":[{"embeddable":true,"href":"https:\/\/corpusry.fi\/index.php\/wp-json\/wp\/v2\/comments?post=2378"}],"version-history":[{"count":1,"href":"https:\/\/corpusry.fi\/index.php\/wp-json\/wp\/v2\/pages\/2378\/revisions"}],"predecessor-version":[{"id":2379,"href":"https:\/\/corpusry.fi\/index.php\/wp-json\/wp\/v2\/pages\/2378\/revisions\/2379"}],"wp:attachment":[{"href":"https:\/\/corpusry.fi\/index.php\/wp-json\/wp\/v2\/media?parent=2378"}],"curies":[{"name":"wp","href":"https:\/\/api.w.org\/{rel}","templated":true}]}}