{"id":2721,"date":"2024-12-06T17:15:45","date_gmt":"2024-12-06T15:15:45","guid":{"rendered":"https:\/\/corpusry.fi\/?page_id=2721"},"modified":"2024-12-06T17:15:45","modified_gmt":"2024-12-06T15:15:45","slug":"6-luukku-5","status":"publish","type":"page","link":"https:\/\/corpusry.fi\/index.php\/6-luukku-5\/","title":{"rendered":"6. Luukku"},"content":{"rendered":"\n<p><strong>Novelli osa 2: Oi kuusipuu<\/strong><\/p>\n\n\n\n<p>Mets\u00e4nhaltija tamppasi lunta tasaiseksi uraksi. H\u00e4n oli k\u00e4vellyt ympyr\u00e4\u00e4 koko illan, aina&nbsp; auringonlaskusta ja kotitontun antamasta h\u00e4\u00e4d\u00f6st\u00e4 l\u00e4htien. H\u00e4nt\u00e4 raivostutti, miksi&nbsp; kotitonttujen piti aina olla niin reviiritietoisia.&nbsp;<\/p>\n\n\n\n<p>\u2013 Mit\u00e4 me nyt teemme? mets\u00e4keiju kysyi. Se istui rusakon sel\u00e4ss\u00e4 ja silitteli sen pehme\u00e4\u00e4&nbsp; turkkia.&nbsp;<\/p>\n\n\n\n<p>\u2013 Toivottavasti lohik\u00e4\u00e4rmeell\u00e4 on kaikki hyvin, punatulkku sirkutti.&nbsp;<\/p>\n\n\n\n<p>Mets\u00e4nhaltija ei vastannut, jatkoi vain keh\u00e4n kulkemista. Eik\u00f6h\u00e4n h\u00e4n jotain keksisi.&nbsp;<\/p>\n\n\n\n<p>Aurinko oli laskenut jo aikoja sitten ja ulkona vallitsi rauhallinen pimeys. Kerran lohik\u00e4\u00e4rme oli\u00a0 n\u00e4hnyt yst\u00e4v\u00e4ns\u00e4 ikkunan takana, mutta jokin oli kai ajanut ne pois, sill\u00e4 heist\u00e4 ei ollut\u00a0 kuulunut sen j\u00e4lkeen. Lohik\u00e4\u00e4rmeen kylke\u00e4 kutitti, mutta eih\u00e4n se parka ylt\u00e4nyt itse\u00e4\u00e4n\u00a0 rapsuttamaan. Pienet pedot olivat puhuneet jotain koristelusta, mit\u00e4 ikin\u00e4 se sitten\u00a0tarkoittikaan.\u00a0\u00a0<\/p>\n\n\n\n<p>Lohik\u00e4\u00e4rme haukotteli; sit\u00e4 oli alkanut unettaa. Huoneen nurkassa r\u00e4tisev\u00e4n tulen ansiosta&nbsp; sill\u00e4 oli l\u00e4mmin, ja jostain kantautui herkullinen tuoksu\u2026 Jospa se ummistaisi silm\u00e4ns\u00e4 ihan&nbsp; vain hetkeksi, ja jatkaisi sitten pohdintaansa. Ja ehk\u00e4 muut olisivat siihen menness\u00e4&nbsp; palanneet, ja keksineet tavan vapauttaa h\u00e4net! Se antoi silm\u00e4luomiensa painua kiinni ja oli&nbsp; pian unten mailla.&nbsp;<\/p>\n\n\n\n<p>Mets\u00e4nhaltija ei ollut keksinyt mit\u00e4\u00e4n. H\u00e4n repi turhautuneena tukkaansa ja oli potkaista&nbsp; lumikokkaretta, kun talon ovi aukesi. Muka-susi s\u00e4nt\u00e4si ulos haukahdellen. Se kiersi reviirins\u00e4&nbsp; reunoja my\u00f6ten ja pys\u00e4htyi v\u00e4lill\u00e4 merkkaamaan jonkin puun tai pensaan.&nbsp;&nbsp;<\/p>\n\n\n\n<p>\u2013 S-se tulee ja sy\u00f6 meid\u00e4t! Rusakko mutisi. Se t\u00e4risi niin vimmatusti, ett\u00e4 sen sel\u00e4ss\u00e4 istuva\u00a0 mets\u00e4keiju oli pudota. \u2013 Rauhoitu- mets\u00e4keiju aloitti, mutta liian my\u00f6h\u00e4\u00e4n. Muka-susi oli\u00a0 vainunnut heid\u00e4t ja kulki korvat terhakkaasti pystyss\u00e4 saalistaan kohti. J\u00e4nis kavahti\u00a0 k\u00e4p\u00e4lilleen ja s\u00e4nt\u00e4si pakoon. Muka-suden haukku muuttui innokkaaksi \u2013 se juoksi j\u00e4niksen\u00a0per\u00e4\u00e4n. Keiju roikkui j\u00e4niksen turkissa kuin viimeist\u00e4 p\u00e4iv\u00e4\u00e4. \u2013Huiii\u2026 Kauhun ja ilon sekainen\u00a0 helin\u00e4 kaikui mets\u00e4ss\u00e4, kun saalis ja saalistaja puikkelehtivat puiden lomassa.\u00a0\u00a0<\/p>\n\n\n\n<p>\u2013 SEIS! Mets\u00e4nhaltija pys\u00e4ytti kaksikon niille sijoilleen. H\u00e4n marssi silm\u00e4t leimuten muka suden eteen ja t\u00e4r\u00e4ytti: \u2013 J\u00e4t\u00e4 j\u00e4nis rauhaan ja mene kiusaamaan itsesi kokoisia! H\u00e4n oli&nbsp; kurkkuaan my\u00f6ten t\u00e4ynn\u00e4 p\u00e4iv\u00e4n vastoink\u00e4ymisi\u00e4, eik\u00e4 antaisi yhden muka-suden pilata sit\u00e4&nbsp; enemp\u00e4\u00e4.&nbsp;<\/p>\n\n\n\n<p>J\u00e4nis vapisi p\u00f6ll\u00e4mystynyt keiju sel\u00e4ss\u00e4\u00e4n mets\u00e4nhaltijan takana. Se sai soperrettua: \u2013V-veit&nbsp; jo lohik\u00e4\u00e4rmeen, senkin r\u00f6-R\u00f6yhkimys!&nbsp;<\/p>\n\n\n\n<p>\u2013 Min\u00e4\u2026 kiusaaja? Min\u00e4h\u00e4n vain leikin, muka-susi sanoi h\u00e4mill\u00e4\u00e4n.&nbsp;<\/p>\n\n\n\n<p>\u2013 P\u00f6typuhetta! mets\u00e4keiju tiuskaisi kimpaantuneena. Se suki j\u00e4niksen p\u00f6rr\u00f6ttynytt\u00e4 karvaa. \u2013 Noin puhuu vain sellainen muka-susi, joka saa lohik\u00e4\u00e4rmeenkin nalkkiin! Se on petojen k\u00e4tyri!&nbsp;<\/p>\n\n\n\n<p>\u2013 Ei kun oikeasti\u2026 muka-susi yritti. \u2013 Min\u00e4 vain leikin. En tied\u00e4 mit\u00e4\u00e4n mist\u00e4\u00e4n lohik\u00e4\u00e4ryleist\u00e4&nbsp; tai pedoista. Enk\u00e4 min\u00e4 ole mik\u00e4\u00e4n Muka-susi, vaan Pupsi\u2026 Sen korvat painuivat luimuun.&nbsp;&nbsp;<\/p>\n\n\n\n<p>Mets\u00e4nhaltija katsoi sit\u00e4 arvioivasti. Se ei n\u00e4ytt\u00e4nyt vihamieliselt\u00e4 vaan pikemminkin aralta&nbsp; seistess\u00e4\u00e4n koko mets\u00e4nv\u00e4en keskell\u00e4. Ja vaikka se oli iso, sen h\u00e4nt\u00e4 viisti maata ja sen&nbsp; silmiss\u00e4 oli p\u00e4lyilev\u00e4 katse.&nbsp;&nbsp;<\/p>\n\n\n\n<p>\u2013 Hyv\u00e4 on, me uskomme sinua <em>Pupsi<\/em>. Mutta vastineeksi anteeksiannostamme saat luvan&nbsp; auttaa meit\u00e4. Yst\u00e4v\u00e4mme on kaapattuna tuon talon sis\u00e4ll\u00e4, ja meid\u00e4n pit\u00e4\u00e4 vapauttaa h\u00e4net.&nbsp;<\/p>\n\n\n\n<p>Pupsin h\u00e4nt\u00e4 alkoi viuhtoa iloisesti, kun se vastasi: \u2013 Min\u00e4 autan teit\u00e4! \u2026Mutta ei tuolla ole&nbsp; muita kuin min\u00e4 ja kaksijalat. Haistaisin kyll\u00e4, jos siell\u00e4 olisi joku muu.&nbsp;<\/p>\n\n\n\n<p>\u2013 Niin haistaisitkin, jollei se joku olisi puu!&nbsp;&nbsp;<\/p>\n\n\n\n<p>Kaikki k\u00e4\u00e4ntyiv\u00e4t h\u00e4mmentynein\u00e4 puhujan suuntaan. Pieni tuulenhenki leijaili mets\u00e4n&nbsp; siimeksess\u00e4. Se lepatti hetken aloillaan ja jatkoi sitten: \u2013 Loihdin lohik\u00e4\u00e4rmeen puuksi, jotta&nbsp; se voisi kerrankin voittaa piilosen, mutta sinun petosi tulivat ja veiv\u00e4t sen. En saa muutetuksi&nbsp; sit\u00e4 takaisin sill\u00e4 et\u00e4isyytt\u00e4 on liikaa, joten se on jumissa kuusipuuna!&nbsp;<\/p>\n\n\n\n<p>Mets\u00e4nhaltija singahti tuulenhengen luo ja yritti kaapata sen k\u00e4siins\u00e4: \u2013 T\u00e4m\u00e4 kaikki on <em>sinun <\/em>syyt\u00e4si!<\/p>\n\n\n\n<p>\u2013 Appap, enh\u00e4n min\u00e4 pahaa tarkoittanut! Tuulenhenki lehahti haltijan ulottumattomiin ja&nbsp; jatkoi: \u2013 Sen sijaan ett\u00e4 kinaisit kanssani, menk\u00e4\u00e4 pelastamaan lohik\u00e4\u00e4rme nyt! Min\u00e4 h\u00e4m\u00e4\u00e4n&nbsp; kotitonttua sill\u00e4 v\u00e4lin, kun te viette uuden kuusen paikalleen.&nbsp;<\/p>\n\n\n\n<p>T\u00e4m\u00e4n sanottuaan tuulenhenki katosi humauksessa. Samassa lumeen t\u00f6m\u00e4hti tismalleen&nbsp; samankokoinen kuusi, kuin mit\u00e4 lohik\u00e4\u00e4rmepuu oli. Mets\u00e4nv\u00e4en leuat loksahtivat, mutta&nbsp; aikaa ihmettelyyn ei ollut. Jokainen paikallaolija tarttui kuuseen, kuka mitenkin kiskoen, ja&nbsp; ihme kyll\u00e4 puu saatiin liikkeelle. Hitaasti mutta varmasti joukkio alkoi raahata kuusta kohti&nbsp; kotitontun suojelemaa taloa. Pupsi kulki kuusen vierell\u00e4.&nbsp;<\/p>\n\n\n\n<p>\u2013 Onko sinulla jo suunnitelma? Mets\u00e4nhaltija kysyi.&nbsp;<\/p>\n\n\n\n<p>\u2013 Mit\u00e4 varten? Pupsi kummasteli.&nbsp;<\/p>\n\n\n\n<p>Mets\u00e4nhaltija sulki silm\u00e4ns\u00e4 ja hengitti syv\u00e4\u00e4n. Sitten h\u00e4n meinasi kaatua ja p\u00e4\u00e4tti, ettei&nbsp; silmien sulkeminen ollut hyv\u00e4 idea. \u2013 Miten sin\u00e4 harhautat petoja?&nbsp;<\/p>\n\n\n\n<p>Kun Pupsi ei n\u00e4ytt\u00e4nyt viel\u00e4k\u00e4\u00e4n ymm\u00e4rt\u00e4v\u00e4n, mist\u00e4 pedoista h\u00e4n puhui, Mets\u00e4nhaltija&nbsp; huokaisi. \u2013 Ne kaksijalkaiset, jotka veiv\u00e4t lohik\u00e4\u00e4rmeen.&nbsp;<\/p>\n\n\n\n<p>\u2013 Ai ihmiset! Juu, on minulla suunnitelma. Luottakaa vain minuun, Pupsi sanoi ja iski silm\u00e4\u00e4.&nbsp; Mets\u00e4nhaltijalla ei ollut luottavainen olo. Toisaalta, mit\u00e4 muutakaan h\u00e4n voisi tehd\u00e4.&nbsp;<\/p>\n\n\n\n<p>Mets\u00e4nv\u00e4ki oli saanut kannettua kuusen melkein Pupsin kotiovelle, eik\u00e4 tonttia pienen&nbsp; el\u00e4imen raivolla vahtivaa kotitonttua ollut viel\u00e4 n\u00e4kynyt. Talon takaa alkoi kantautua ilkikurista&nbsp; naurua, joka loittoni ja sekoittui puiden narinaan. Mets\u00e4nhaltija toivoi, ett\u00e4 tonttu nappaisi Tuulenhengen sy\u00f6tin. Virvatulet olisivat kenties olleet parempi houkutin&#8230; Pupsi viittoi&nbsp; puunkantajia odottamaan sivummalla. Sitten se alkoi haukahdella. T\u00e4ysikasvuinen tuli&nbsp; avaamaan Pupsille oven, ja juuri ennen sen sulkeutumista koira alkoi riehua. Loittonevista&nbsp; \u00e4\u00e4nist\u00e4 p\u00e4\u00e4tellen se juoksi t\u00e4ytt\u00e4 h\u00e4k\u00e4\u00e4 toiseen p\u00e4\u00e4h\u00e4n rakennusta. Kaksijalkainen h\u00e4mmentyi hurjasti ja juoksi Pupsin per\u00e4\u00e4n. Ulko-ovi j\u00e4i raolleen.&nbsp;<\/p>\n\n\n\n<p>\u2013 Ei huono, Mets\u00e4nhaltija mumisi. \u2013 Liikett\u00e4!&nbsp;<\/p>\n\n\n\n<p>Niin \u00e4\u00e4nett\u00f6m\u00e4sti, kuin puuta raahaavalle laumalle mets\u00e4nv\u00e4ke\u00e4 oli mahdollista, joukkio\u00a0 hivuttautui taloon. Aikaisempi ikkunasta kurkkiminen oli antanut heille k\u00e4sityksen\u00a0lohik\u00e4\u00e4rmeen sijainnista, joten sen l\u00f6yt\u00e4minen ei ollut temppu eik\u00e4 mik\u00e4\u00e4n. He tupsahtivat\u00a0 takkatulen valaisemaan olohuoneeseen, pudottivat kuusen ja juoksivat iloissaan vesiastiassa\u00a0 seisovan lohik\u00e4\u00e4rmeen luo.\u00a0<\/p>\n\n\n\n<p>\u2013 Lohik\u00e4\u00e4rme! Mets\u00e4nhaltija oli huutaa ilosta. Lohik\u00e4\u00e4rme s\u00e4ps\u00e4hti hereille. \u2013 Hrmh? Se yritti ravistaa unen siivist\u00e4\u00e4n, mutta oli edelleen puumuotonsa vankina.&nbsp;&nbsp;<\/p>\n\n\n\n<p>Mets\u00e4nv\u00e4ki tarttui j\u00e4lleen uuteen kuuseen ja raahasi sen lohik\u00e4\u00e4rmepuun viereen. Mets\u00e4keijut&nbsp; ja mennink\u00e4iset alkoivat irrottaa t\u00e4t\u00e4 jalustasta. Lohik\u00e4\u00e4rme oli liikuttunut \u2013 sen yst\u00e4v\u00e4t olivat&nbsp; toden totta saapuneet apuun!&nbsp;<\/p>\n\n\n\n<p>\u2013 Sinun vuorosi, kepposteleva henki, haltija supisi. Se p\u00e4lyili toista huonetta kohti, josta kuului&nbsp; petojen \u2013 tai <em>ihmisten<\/em>, kuten Pupsi niit\u00e4 kutsui \u2013 puhetta ja haukuntaa. Pupsi hoiti omaa&nbsp; osaansa suunnitelmasta hyvin, mutta aikaa ei ollut hukattavaksi. Samassa tuulenhenki&nbsp; sujahti sis\u00e4\u00e4n ikkunanraosta. Se virnisti ja lipui lohik\u00e4\u00e4rmepuun luo. Lohik\u00e4\u00e4rme yritti&nbsp; hymyill\u00e4, mihin henki virkkoi: \u2013 L\u00f6ydetty! Milt\u00e4 tuntui voittaa piilonen?&nbsp;<\/p>\n\n\n\n<p>Tuulenhenki alkoi taikoa, ja hitaasti lohik\u00e4\u00e4rmeen raajat alkoivat muistuttaa sen tassuja&nbsp; neulasten t\u00e4ytt\u00e4mien oksien sijaan. Se venytti h\u00e4nt\u00e4\u00e4ns\u00e4, joka n\u00e4ytti nyt h\u00e4nn\u00e4lt\u00e4, ja oli&nbsp; valmiina haukottelemaan koko kitansa voimalla, kun ikkunalaudalta kuului r\u00e4\u00e4k\u00e4isy:&nbsp;<\/p>\n\n\n\n<p>\u2013 TUNKEILIJOITA, TOISTAN, TUNKEILIJOITA! Kotitonttu oli palannut, ja millaisen mekkalan&nbsp; kera! Se pudotteli seinilt\u00e4 tauluja ja hypp\u00e4si p\u00f6yd\u00e4lle; iso hopeatarjotin r\u00e4misi kuuluvasti alas&nbsp; ja l\u00e4hti kierim\u00e4\u00e4n kohti keitti\u00f6t\u00e4. Pupsin ja ihmisten pit\u00e4m\u00e4 \u00e4l\u00e4m\u00f6l\u00f6 taukosi hetkeksi ja sitten&nbsp; se alkoi kuulua j\u00e4lleen, selke\u00e4sti l\u00e4hemp\u00e4\u00e4.&nbsp;<\/p>\n\n\n\n<p>\u2013 Voi Hiidenhanuri, ne tulevat t\u00e4nne p\u00e4in! Mets\u00e4nhaltija kuiskasi ter\u00e4v\u00e4sti. \u2013 Lohik\u00e4\u00e4rme,&nbsp; pystytk\u00f6 k\u00e4velem\u00e4\u00e4n? Hyv\u00e4, liikett\u00e4 niihin niveliin!&nbsp;<\/p>\n\n\n\n<p>Mets\u00e4nv\u00e4ki rynt\u00e4si kohti ovea yhten\u00e4 myll\u00e4kk\u00e4n\u00e4. Tuulenhenki oli sujahtanut huoneesta ensimm\u00e4isten joukossa, ja muutosloitsun taukoaminen j\u00e4tti lohik\u00e4\u00e4rmeen eriskummallisen&nbsp; n\u00e4k\u00f6iseksi: nyt se n\u00e4ytti kuuselta, jolle oli kasvanut suomuiset jalat ja h\u00e4nt\u00e4, joka p\u00e4\u00e4ttyi&nbsp; neulastupsuun! Se ei ehtinyt j\u00e4\u00e4d\u00e4 ihmettelem\u00e4\u00e4n asiaa vaan otti k\u00e4p\u00e4l\u00e4t alleen ja vipelsi&nbsp; mink\u00e4 kintuistaan l\u00e4hti. Taaperrus oli Mets\u00e4nhengest\u00e4 hulvatonta, h\u00e4n nauraisi sille&nbsp; my\u00f6hemmin. Heti, kun tuulenhenki olisi muuttanut lohik\u00e4\u00e4rmeen takaisin omaksi itsekseen.<\/p>\n\n\n\n<p>Kotitonttu oli tehnyt ty\u00f6ns\u00e4 talon vankkumattomana vartijana. Se pinkaisi piiloon halkopinon&nbsp; alle juuri ajoissa, sill\u00e4 ihmiset astuivat olohuoneeseen. \u00c4iti katseli ymp\u00e4rilleen&nbsp; kummastuneena.&nbsp;<\/p>\n\n\n\n<p>\u2013 Mik\u00e4 ihme teit\u00e4 kaikkia vaivaa, ensin Pupsi hullaantuu ja nyt olohuoneessa on kakofonia&#8230;? lause j\u00e4i kesken, kun h\u00e4n n\u00e4ki lattialla lojuvan kuusen. \u2013 Kuusi on kaatunut. Ja Martta mummon maalaamat taulut pudonneet\u2026 H\u00e4n alkoi nostaa kuusta samalla, kun lapset&nbsp; ker\u00e4siv\u00e4t tauluja. Vanhempi lapsista palautti tarjottimen p\u00f6yd\u00e4lle ja hihkaisi: \u2013 \u00c4iti, miksi&nbsp; tuolla kuusella on jalat! Pienempi kapusi sisarensa viereen ja tihrusti ulos ikkunasta.&nbsp; Pihamaan halki viipotti jokin suomuinen ja\u2026 \u2013 Sill\u00e4 on my\u00f6s h\u00e4nt\u00e4! \u00c4iti asetteli kuusta&nbsp; jalustaan ja mumisi: \u2013 Mit\u00e4s te vekkulit t\u00e4ll\u00e4 kertaa keksitte?&nbsp;&nbsp;<\/p>\n\n\n\n<p>\u2013 \u00c4iti \u00e4iti \u00e4kki\u00e4, se katoaa mets\u00e4\u00e4n!&nbsp;&nbsp;<\/p>\n\n\n\n<p>\u00c4iti k\u00e4veli lasten luo, muttei n\u00e4hnyt yht\u00e4k\u00e4\u00e4n kuusta, saati sellaista, jolla olisi jalat ja h\u00e4nt\u00e4. \u2013 Te pupuset taisitte n\u00e4hd\u00e4 tontun!&nbsp;<\/p>\n\n\n\n<p>\u2013 Tontun?! Lapset innostuivat. \u2013 \u00c4iti \u00e4iti, onko tontuilla h\u00e4nt\u00e4, onko niill\u00e4\u2026&nbsp;<\/p>\n\n\n\n<p>Lasten kysymystulvan jatkuessa \u00e4iti nosti k\u00e4tens\u00e4 ilmaan. Samassa Pupsi haukahti oven&nbsp; luona. Se oli k\u00e4ynyt ulkona ihmisten huomaamatta ja kantoi suussaan jotain.&nbsp;&nbsp;<\/p>\n\n\n\n<p>\u2013 Pupsi, t\u00e4nne! Pienempi lapsista k\u00e4ski.&nbsp;&nbsp;<\/p>\n\n\n\n<p>Pupsi tassutti tottelevaisesti lapsen luo ja pudotti kantamuksensa t\u00e4m\u00e4n odottavaan k\u00e4teen.&nbsp; Pieni ruskea pussi aukesi, ja sen sis\u00e4lt\u00e4 vieri pari tammenterhoa. Niihin oli sidottu kauniit&nbsp; lenkit kimaltavasta langasta. \u2013 Vau! Isompi hihkaisi, ja nappasi toisen terhoista. \u2013 Kuusenkoriste!&nbsp;<\/p>\n\n\n\n<p>\u2013 Mist\u00e4 sin\u00e4 n\u00e4m\u00e4 oikein l\u00f6ysit\u2026? \u00e4iti ihmetteli ja rapsutti Pupsia. Koira heilautti korvaansa ja&nbsp; l\u00f6ntysteli takkatulen \u00e4\u00e4reen nukkumaan. Talon ylitse liisi lohik\u00e4\u00e4rmeen muotoinen varjo.<\/p>\n\n\n\n<p><em>-Amelia ja Sini-<\/em><\/p>\n","protected":false},"excerpt":{"rendered":"<p>Novelli osa 2: Oi kuusipuu Mets\u00e4nhaltija tamppasi lunta tasaiseksi uraksi. H\u00e4n oli k\u00e4vellyt ympyr\u00e4\u00e4 koko illan, aina&nbsp; auringonlaskusta ja kotitontun antamasta h\u00e4\u00e4d\u00f6st\u00e4 l\u00e4htien. H\u00e4nt\u00e4 raivostutti, miksi&nbsp; kotitonttujen piti aina olla <a href=\"https:\/\/corpusry.fi\/index.php\/6-luukku-5\/\" class=\"more-link\">[&hellip;]<\/a><\/p>\n","protected":false},"author":27,"featured_media":0,"parent":0,"menu_order":0,"comment_status":"closed","ping_status":"closed","template":"","meta":{"Layout":"","footnotes":""},"class_list":["entry","author-naaga-lotta1","post-2721","page","type-page","status-publish"],"_links":{"self":[{"href":"https:\/\/corpusry.fi\/index.php\/wp-json\/wp\/v2\/pages\/2721","targetHints":{"allow":["GET"]}}],"collection":[{"href":"https:\/\/corpusry.fi\/index.php\/wp-json\/wp\/v2\/pages"}],"about":[{"href":"https:\/\/corpusry.fi\/index.php\/wp-json\/wp\/v2\/types\/page"}],"author":[{"embeddable":true,"href":"https:\/\/corpusry.fi\/index.php\/wp-json\/wp\/v2\/users\/27"}],"replies":[{"embeddable":true,"href":"https:\/\/corpusry.fi\/index.php\/wp-json\/wp\/v2\/comments?post=2721"}],"version-history":[{"count":6,"href":"https:\/\/corpusry.fi\/index.php\/wp-json\/wp\/v2\/pages\/2721\/revisions"}],"predecessor-version":[{"id":2727,"href":"https:\/\/corpusry.fi\/index.php\/wp-json\/wp\/v2\/pages\/2721\/revisions\/2727"}],"wp:attachment":[{"href":"https:\/\/corpusry.fi\/index.php\/wp-json\/wp\/v2\/media?parent=2721"}],"curies":[{"name":"wp","href":"https:\/\/api.w.org\/{rel}","templated":true}]}}