{"id":2737,"date":"2024-12-08T15:48:29","date_gmt":"2024-12-08T13:48:29","guid":{"rendered":"https:\/\/corpusry.fi\/?page_id=2737"},"modified":"2024-12-08T15:48:29","modified_gmt":"2024-12-08T13:48:29","slug":"8-luukku-5","status":"publish","type":"page","link":"https:\/\/corpusry.fi\/index.php\/8-luukku-5\/","title":{"rendered":"8. Luukku"},"content":{"rendered":"\n<p>T\u00e4ss\u00e4 Jean Sibeliuksen ja suomalaisen musiikin p\u00e4iv\u00e4n kunniaksi viisi faktaa, joita et tiennyt mestaris\u00e4velt\u00e4j\u00e4st\u00e4mme. Tarjoiluehdotukseksi suosittelen kuuntelemaan taustalla vaikkapa Sv\u00e4ng-yhtyeen huuliharppukvartettiversion Karelia-sarjan kolmannesta osasta Alla marcia (l\u00f6ytyy youtubesta). Sointuisin terkuin Helka.<\/p>\n\n\n\n<figure class=\"wp-block-image size-large\"><img loading=\"lazy\" decoding=\"async\" width=\"1024\" height=\"576\" src=\"https:\/\/corpusry.fi\/wp-content\/uploads\/2024\/12\/Nayttokuva-2024-12-08-153630-1024x576.png\" alt=\"\" class=\"wp-image-2739\" srcset=\"https:\/\/corpusry.fi\/wp-content\/uploads\/2024\/12\/Nayttokuva-2024-12-08-153630-1024x576.png 1024w, https:\/\/corpusry.fi\/wp-content\/uploads\/2024\/12\/Nayttokuva-2024-12-08-153630-300x169.png 300w, https:\/\/corpusry.fi\/wp-content\/uploads\/2024\/12\/Nayttokuva-2024-12-08-153630-768x432.png 768w, https:\/\/corpusry.fi\/wp-content\/uploads\/2024\/12\/Nayttokuva-2024-12-08-153630-889x500.png 889w, https:\/\/corpusry.fi\/wp-content\/uploads\/2024\/12\/Nayttokuva-2024-12-08-153630.png 1444w\" sizes=\"auto, (max-width: 1024px) 100vw, 1024px\" \/><\/figure>\n\n\n\n<figure class=\"wp-block-image size-large\"><img loading=\"lazy\" decoding=\"async\" width=\"1024\" height=\"579\" src=\"https:\/\/corpusry.fi\/wp-content\/uploads\/2024\/12\/Nayttokuva-2024-12-08-153654-1024x579.png\" alt=\"\" class=\"wp-image-2740\" srcset=\"https:\/\/corpusry.fi\/wp-content\/uploads\/2024\/12\/Nayttokuva-2024-12-08-153654-1024x579.png 1024w, https:\/\/corpusry.fi\/wp-content\/uploads\/2024\/12\/Nayttokuva-2024-12-08-153654-300x170.png 300w, https:\/\/corpusry.fi\/wp-content\/uploads\/2024\/12\/Nayttokuva-2024-12-08-153654-768x435.png 768w, https:\/\/corpusry.fi\/wp-content\/uploads\/2024\/12\/Nayttokuva-2024-12-08-153654-884x500.png 884w, https:\/\/corpusry.fi\/wp-content\/uploads\/2024\/12\/Nayttokuva-2024-12-08-153654.png 1449w\" sizes=\"auto, (max-width: 1024px) 100vw, 1024px\" \/><\/figure>\n\n\n\n<figure class=\"wp-block-image size-large\"><img loading=\"lazy\" decoding=\"async\" width=\"1024\" height=\"575\" src=\"https:\/\/corpusry.fi\/wp-content\/uploads\/2024\/12\/Nayttokuva-2024-12-08-153718-1024x575.png\" alt=\"\" class=\"wp-image-2741\" srcset=\"https:\/\/corpusry.fi\/wp-content\/uploads\/2024\/12\/Nayttokuva-2024-12-08-153718-1024x575.png 1024w, https:\/\/corpusry.fi\/wp-content\/uploads\/2024\/12\/Nayttokuva-2024-12-08-153718-300x169.png 300w, https:\/\/corpusry.fi\/wp-content\/uploads\/2024\/12\/Nayttokuva-2024-12-08-153718-768x432.png 768w, https:\/\/corpusry.fi\/wp-content\/uploads\/2024\/12\/Nayttokuva-2024-12-08-153718-890x500.png 890w, https:\/\/corpusry.fi\/wp-content\/uploads\/2024\/12\/Nayttokuva-2024-12-08-153718.png 1447w\" sizes=\"auto, (max-width: 1024px) 100vw, 1024px\" \/><\/figure>\n\n\n\n<figure class=\"wp-block-image size-large\"><img loading=\"lazy\" decoding=\"async\" width=\"1024\" height=\"577\" src=\"https:\/\/corpusry.fi\/wp-content\/uploads\/2024\/12\/Nayttokuva-2024-12-08-153745-1024x577.png\" alt=\"\" class=\"wp-image-2742\" srcset=\"https:\/\/corpusry.fi\/wp-content\/uploads\/2024\/12\/Nayttokuva-2024-12-08-153745-1024x577.png 1024w, https:\/\/corpusry.fi\/wp-content\/uploads\/2024\/12\/Nayttokuva-2024-12-08-153745-300x169.png 300w, https:\/\/corpusry.fi\/wp-content\/uploads\/2024\/12\/Nayttokuva-2024-12-08-153745-768x433.png 768w, https:\/\/corpusry.fi\/wp-content\/uploads\/2024\/12\/Nayttokuva-2024-12-08-153745-887x500.png 887w, https:\/\/corpusry.fi\/wp-content\/uploads\/2024\/12\/Nayttokuva-2024-12-08-153745.png 1448w\" sizes=\"auto, (max-width: 1024px) 100vw, 1024px\" \/><\/figure>\n\n\n\n<figure class=\"wp-block-image size-large\"><img loading=\"lazy\" decoding=\"async\" width=\"1024\" height=\"577\" src=\"https:\/\/corpusry.fi\/wp-content\/uploads\/2024\/12\/Nayttokuva-2024-12-08-153820-1024x577.png\" alt=\"\" class=\"wp-image-2743\" srcset=\"https:\/\/corpusry.fi\/wp-content\/uploads\/2024\/12\/Nayttokuva-2024-12-08-153820-1024x577.png 1024w, https:\/\/corpusry.fi\/wp-content\/uploads\/2024\/12\/Nayttokuva-2024-12-08-153820-300x169.png 300w, https:\/\/corpusry.fi\/wp-content\/uploads\/2024\/12\/Nayttokuva-2024-12-08-153820-768x433.png 768w, https:\/\/corpusry.fi\/wp-content\/uploads\/2024\/12\/Nayttokuva-2024-12-08-153820-887x500.png 887w, https:\/\/corpusry.fi\/wp-content\/uploads\/2024\/12\/Nayttokuva-2024-12-08-153820.png 1446w\" sizes=\"auto, (max-width: 1024px) 100vw, 1024px\" \/><\/figure>\n\n\n\n<figure class=\"wp-block-image size-large\"><img loading=\"lazy\" decoding=\"async\" width=\"1024\" height=\"577\" src=\"https:\/\/corpusry.fi\/wp-content\/uploads\/2024\/12\/Nayttokuva-2024-12-08-153837-1024x577.png\" alt=\"\" class=\"wp-image-2744\" srcset=\"https:\/\/corpusry.fi\/wp-content\/uploads\/2024\/12\/Nayttokuva-2024-12-08-153837-1024x577.png 1024w, https:\/\/corpusry.fi\/wp-content\/uploads\/2024\/12\/Nayttokuva-2024-12-08-153837-300x169.png 300w, https:\/\/corpusry.fi\/wp-content\/uploads\/2024\/12\/Nayttokuva-2024-12-08-153837-768x433.png 768w, https:\/\/corpusry.fi\/wp-content\/uploads\/2024\/12\/Nayttokuva-2024-12-08-153837-887x500.png 887w, https:\/\/corpusry.fi\/wp-content\/uploads\/2024\/12\/Nayttokuva-2024-12-08-153837.png 1447w\" sizes=\"auto, (max-width: 1024px) 100vw, 1024px\" \/><\/figure>\n\n\n\n<figure class=\"wp-block-image size-large\"><img loading=\"lazy\" decoding=\"async\" width=\"1024\" height=\"579\" src=\"https:\/\/corpusry.fi\/wp-content\/uploads\/2024\/12\/Nayttokuva-2024-12-08-153857-1024x579.png\" alt=\"\" class=\"wp-image-2745\" srcset=\"https:\/\/corpusry.fi\/wp-content\/uploads\/2024\/12\/Nayttokuva-2024-12-08-153857-1024x579.png 1024w, https:\/\/corpusry.fi\/wp-content\/uploads\/2024\/12\/Nayttokuva-2024-12-08-153857-300x170.png 300w, https:\/\/corpusry.fi\/wp-content\/uploads\/2024\/12\/Nayttokuva-2024-12-08-153857-768x434.png 768w, https:\/\/corpusry.fi\/wp-content\/uploads\/2024\/12\/Nayttokuva-2024-12-08-153857-885x500.png 885w, https:\/\/corpusry.fi\/wp-content\/uploads\/2024\/12\/Nayttokuva-2024-12-08-153857.png 1442w\" sizes=\"auto, (max-width: 1024px) 100vw, 1024px\" \/><\/figure>\n\n\n\n<figure class=\"wp-block-image size-large\"><img loading=\"lazy\" decoding=\"async\" width=\"1024\" height=\"577\" src=\"https:\/\/corpusry.fi\/wp-content\/uploads\/2024\/12\/Nayttokuva-2024-12-08-153912-1024x577.png\" alt=\"\" class=\"wp-image-2746\" srcset=\"https:\/\/corpusry.fi\/wp-content\/uploads\/2024\/12\/Nayttokuva-2024-12-08-153912-1024x577.png 1024w, https:\/\/corpusry.fi\/wp-content\/uploads\/2024\/12\/Nayttokuva-2024-12-08-153912-300x169.png 300w, https:\/\/corpusry.fi\/wp-content\/uploads\/2024\/12\/Nayttokuva-2024-12-08-153912-768x433.png 768w, https:\/\/corpusry.fi\/wp-content\/uploads\/2024\/12\/Nayttokuva-2024-12-08-153912-888x500.png 888w, https:\/\/corpusry.fi\/wp-content\/uploads\/2024\/12\/Nayttokuva-2024-12-08-153912.png 1447w\" sizes=\"auto, (max-width: 1024px) 100vw, 1024px\" \/><\/figure>\n\n\n\n<figure class=\"wp-block-image size-large\"><img loading=\"lazy\" decoding=\"async\" width=\"1024\" height=\"578\" src=\"https:\/\/corpusry.fi\/wp-content\/uploads\/2024\/12\/Nayttokuva-2024-12-08-153938-1024x578.png\" alt=\"\" class=\"wp-image-2747\" srcset=\"https:\/\/corpusry.fi\/wp-content\/uploads\/2024\/12\/Nayttokuva-2024-12-08-153938-1024x578.png 1024w, https:\/\/corpusry.fi\/wp-content\/uploads\/2024\/12\/Nayttokuva-2024-12-08-153938-300x169.png 300w, https:\/\/corpusry.fi\/wp-content\/uploads\/2024\/12\/Nayttokuva-2024-12-08-153938-768x434.png 768w, https:\/\/corpusry.fi\/wp-content\/uploads\/2024\/12\/Nayttokuva-2024-12-08-153938-886x500.png 886w, https:\/\/corpusry.fi\/wp-content\/uploads\/2024\/12\/Nayttokuva-2024-12-08-153938.png 1449w\" sizes=\"auto, (max-width: 1024px) 100vw, 1024px\" \/><\/figure>\n\n\n\n<figure class=\"wp-block-image size-large\"><img loading=\"lazy\" decoding=\"async\" width=\"1024\" height=\"578\" src=\"https:\/\/corpusry.fi\/wp-content\/uploads\/2024\/12\/Nayttokuva-2024-12-08-154002-1024x578.png\" alt=\"\" class=\"wp-image-2748\" srcset=\"https:\/\/corpusry.fi\/wp-content\/uploads\/2024\/12\/Nayttokuva-2024-12-08-154002-1024x578.png 1024w, https:\/\/corpusry.fi\/wp-content\/uploads\/2024\/12\/Nayttokuva-2024-12-08-154002-300x169.png 300w, https:\/\/corpusry.fi\/wp-content\/uploads\/2024\/12\/Nayttokuva-2024-12-08-154002-768x434.png 768w, https:\/\/corpusry.fi\/wp-content\/uploads\/2024\/12\/Nayttokuva-2024-12-08-154002-886x500.png 886w, https:\/\/corpusry.fi\/wp-content\/uploads\/2024\/12\/Nayttokuva-2024-12-08-154002.png 1454w\" sizes=\"auto, (max-width: 1024px) 100vw, 1024px\" \/><\/figure>\n\n\n\n<figure class=\"wp-block-image size-large\"><img loading=\"lazy\" decoding=\"async\" width=\"1024\" height=\"577\" src=\"https:\/\/corpusry.fi\/wp-content\/uploads\/2024\/12\/Nayttokuva-2024-12-08-154021-1024x577.png\" alt=\"\" class=\"wp-image-2749\" srcset=\"https:\/\/corpusry.fi\/wp-content\/uploads\/2024\/12\/Nayttokuva-2024-12-08-154021-1024x577.png 1024w, https:\/\/corpusry.fi\/wp-content\/uploads\/2024\/12\/Nayttokuva-2024-12-08-154021-300x169.png 300w, https:\/\/corpusry.fi\/wp-content\/uploads\/2024\/12\/Nayttokuva-2024-12-08-154021-768x433.png 768w, https:\/\/corpusry.fi\/wp-content\/uploads\/2024\/12\/Nayttokuva-2024-12-08-154021-887x500.png 887w, https:\/\/corpusry.fi\/wp-content\/uploads\/2024\/12\/Nayttokuva-2024-12-08-154021.png 1446w\" sizes=\"auto, (max-width: 1024px) 100vw, 1024px\" \/><\/figure>\n\n\n\n<figure class=\"wp-block-image size-large\"><img loading=\"lazy\" decoding=\"async\" width=\"1024\" height=\"577\" src=\"https:\/\/corpusry.fi\/wp-content\/uploads\/2024\/12\/Nayttokuva-2024-12-08-154039-1024x577.png\" alt=\"\" class=\"wp-image-2750\" srcset=\"https:\/\/corpusry.fi\/wp-content\/uploads\/2024\/12\/Nayttokuva-2024-12-08-154039-1024x577.png 1024w, https:\/\/corpusry.fi\/wp-content\/uploads\/2024\/12\/Nayttokuva-2024-12-08-154039-300x169.png 300w, https:\/\/corpusry.fi\/wp-content\/uploads\/2024\/12\/Nayttokuva-2024-12-08-154039-768x433.png 768w, https:\/\/corpusry.fi\/wp-content\/uploads\/2024\/12\/Nayttokuva-2024-12-08-154039-887x500.png 887w, https:\/\/corpusry.fi\/wp-content\/uploads\/2024\/12\/Nayttokuva-2024-12-08-154039.png 1453w\" sizes=\"auto, (max-width: 1024px) 100vw, 1024px\" \/><\/figure>\n","protected":false},"excerpt":{"rendered":"<p>T\u00e4ss\u00e4 Jean Sibeliuksen ja suomalaisen musiikin p\u00e4iv\u00e4n kunniaksi viisi faktaa, joita et tiennyt mestaris\u00e4velt\u00e4j\u00e4st\u00e4mme. Tarjoiluehdotukseksi suosittelen kuuntelemaan taustalla vaikkapa Sv\u00e4ng-yhtyeen huuliharppukvartettiversion Karelia-sarjan kolmannesta osasta Alla marcia (l\u00f6ytyy youtubesta). Sointuisin terkuin <a href=\"https:\/\/corpusry.fi\/index.php\/8-luukku-5\/\" class=\"more-link\">[&hellip;]<\/a><\/p>\n","protected":false},"author":27,"featured_media":0,"parent":0,"menu_order":0,"comment_status":"closed","ping_status":"closed","template":"","meta":{"Layout":"","footnotes":""},"class_list":["entry","author-naaga-lotta1","post-2737","page","type-page","status-publish"],"_links":{"self":[{"href":"https:\/\/corpusry.fi\/index.php\/wp-json\/wp\/v2\/pages\/2737","targetHints":{"allow":["GET"]}}],"collection":[{"href":"https:\/\/corpusry.fi\/index.php\/wp-json\/wp\/v2\/pages"}],"about":[{"href":"https:\/\/corpusry.fi\/index.php\/wp-json\/wp\/v2\/types\/page"}],"author":[{"embeddable":true,"href":"https:\/\/corpusry.fi\/index.php\/wp-json\/wp\/v2\/users\/27"}],"replies":[{"embeddable":true,"href":"https:\/\/corpusry.fi\/index.php\/wp-json\/wp\/v2\/comments?post=2737"}],"version-history":[{"count":2,"href":"https:\/\/corpusry.fi\/index.php\/wp-json\/wp\/v2\/pages\/2737\/revisions"}],"predecessor-version":[{"id":2751,"href":"https:\/\/corpusry.fi\/index.php\/wp-json\/wp\/v2\/pages\/2737\/revisions\/2751"}],"wp:attachment":[{"href":"https:\/\/corpusry.fi\/index.php\/wp-json\/wp\/v2\/media?parent=2737"}],"curies":[{"name":"wp","href":"https:\/\/api.w.org\/{rel}","templated":true}]}}