{"id":2772,"date":"2024-12-12T09:29:11","date_gmt":"2024-12-12T07:29:11","guid":{"rendered":"https:\/\/corpusry.fi\/?page_id=2772"},"modified":"2024-12-12T09:29:11","modified_gmt":"2024-12-12T07:29:11","slug":"12-luukku-5","status":"publish","type":"page","link":"https:\/\/corpusry.fi\/index.php\/12-luukku-5\/","title":{"rendered":"12. Luukku"},"content":{"rendered":"\n<p>Teoksen nimi: &#8221;Jos saisimme APUA<em>&#8221;.\u00a0<\/em>Corpuksen Sanapaja toivottaa kaikille hyv\u00e4\u00e4 joulua ja vinkkaa, ett\u00e4 kollaasia voi k\u00e4yd\u00e4 ihailemassa Educan p\u00e4\u00e4aulan ilmoitustaululla.<\/p>\n\n\n\n<figure class=\"wp-block-image\"><img decoding=\"async\" src=\"https:\/\/fonts.gstatic.com\/s\/e\/notoemoji\/15.1\/1f60c\/72.png\" alt=\"\ud83d\ude0c\"\/><\/figure>\n\n\n\n<figure class=\"wp-block-image size-large\"><img loading=\"lazy\" decoding=\"async\" width=\"773\" height=\"1024\" src=\"https:\/\/corpusry.fi\/wp-content\/uploads\/2024\/12\/1000023546-773x1024.jpg\" alt=\"\" class=\"wp-image-2774\" srcset=\"https:\/\/corpusry.fi\/wp-content\/uploads\/2024\/12\/1000023546-773x1024.jpg 773w, https:\/\/corpusry.fi\/wp-content\/uploads\/2024\/12\/1000023546-226x300.jpg 226w, https:\/\/corpusry.fi\/wp-content\/uploads\/2024\/12\/1000023546-768x1018.jpg 768w, https:\/\/corpusry.fi\/wp-content\/uploads\/2024\/12\/1000023546-1159x1536.jpg 1159w, https:\/\/corpusry.fi\/wp-content\/uploads\/2024\/12\/1000023546-1545x2048.jpg 1545w, https:\/\/corpusry.fi\/wp-content\/uploads\/2024\/12\/1000023546-377x500.jpg 377w, https:\/\/corpusry.fi\/wp-content\/uploads\/2024\/12\/1000023546-scaled.jpg 1932w\" sizes=\"auto, (max-width: 773px) 100vw, 773px\" \/><\/figure>\n\n\n\n<figure class=\"wp-block-image size-large\"><img loading=\"lazy\" decoding=\"async\" width=\"787\" height=\"1024\" src=\"https:\/\/corpusry.fi\/wp-content\/uploads\/2024\/12\/1000023547-787x1024.jpg\" alt=\"\" class=\"wp-image-2775\" srcset=\"https:\/\/corpusry.fi\/wp-content\/uploads\/2024\/12\/1000023547-787x1024.jpg 787w, https:\/\/corpusry.fi\/wp-content\/uploads\/2024\/12\/1000023547-231x300.jpg 231w, https:\/\/corpusry.fi\/wp-content\/uploads\/2024\/12\/1000023547-768x999.jpg 768w, https:\/\/corpusry.fi\/wp-content\/uploads\/2024\/12\/1000023547-1181x1536.jpg 1181w, https:\/\/corpusry.fi\/wp-content\/uploads\/2024\/12\/1000023547-1575x2048.jpg 1575w, https:\/\/corpusry.fi\/wp-content\/uploads\/2024\/12\/1000023547-384x500.jpg 384w, https:\/\/corpusry.fi\/wp-content\/uploads\/2024\/12\/1000023547-scaled.jpg 1968w\" sizes=\"auto, (max-width: 787px) 100vw, 787px\" \/><\/figure>\n\n\n\n<figure class=\"wp-block-image size-large\"><img loading=\"lazy\" decoding=\"async\" width=\"1024\" height=\"1024\" src=\"https:\/\/corpusry.fi\/wp-content\/uploads\/2024\/12\/1000023551-1024x1024.jpg\" alt=\"\" class=\"wp-image-2776\" srcset=\"https:\/\/corpusry.fi\/wp-content\/uploads\/2024\/12\/1000023551-1024x1024.jpg 1024w, https:\/\/corpusry.fi\/wp-content\/uploads\/2024\/12\/1000023551-300x300.jpg 300w, https:\/\/corpusry.fi\/wp-content\/uploads\/2024\/12\/1000023551-150x150.jpg 150w, https:\/\/corpusry.fi\/wp-content\/uploads\/2024\/12\/1000023551-768x768.jpg 768w, https:\/\/corpusry.fi\/wp-content\/uploads\/2024\/12\/1000023551-1536x1536.jpg 1536w, https:\/\/corpusry.fi\/wp-content\/uploads\/2024\/12\/1000023551-2048x2048.jpg 2048w, https:\/\/corpusry.fi\/wp-content\/uploads\/2024\/12\/1000023551-500x500.jpg 500w\" sizes=\"auto, (max-width: 1024px) 100vw, 1024px\" \/><\/figure>\n","protected":false},"excerpt":{"rendered":"<p>Teoksen nimi: &#8221;Jos saisimme APUA&#8221;.\u00a0Corpuksen Sanapaja toivottaa kaikille hyv\u00e4\u00e4 joulua ja vinkkaa, ett\u00e4 kollaasia voi k\u00e4yd\u00e4 ihailemassa Educan p\u00e4\u00e4aulan ilmoitustaululla.<\/p>\n","protected":false},"author":27,"featured_media":0,"parent":0,"menu_order":0,"comment_status":"closed","ping_status":"closed","template":"","meta":{"Layout":"","footnotes":""},"class_list":["entry","author-naaga-lotta1","post-2772","page","type-page","status-publish"],"_links":{"self":[{"href":"https:\/\/corpusry.fi\/index.php\/wp-json\/wp\/v2\/pages\/2772","targetHints":{"allow":["GET"]}}],"collection":[{"href":"https:\/\/corpusry.fi\/index.php\/wp-json\/wp\/v2\/pages"}],"about":[{"href":"https:\/\/corpusry.fi\/index.php\/wp-json\/wp\/v2\/types\/page"}],"author":[{"embeddable":true,"href":"https:\/\/corpusry.fi\/index.php\/wp-json\/wp\/v2\/users\/27"}],"replies":[{"embeddable":true,"href":"https:\/\/corpusry.fi\/index.php\/wp-json\/wp\/v2\/comments?post=2772"}],"version-history":[{"count":1,"href":"https:\/\/corpusry.fi\/index.php\/wp-json\/wp\/v2\/pages\/2772\/revisions"}],"predecessor-version":[{"id":2777,"href":"https:\/\/corpusry.fi\/index.php\/wp-json\/wp\/v2\/pages\/2772\/revisions\/2777"}],"wp:attachment":[{"href":"https:\/\/corpusry.fi\/index.php\/wp-json\/wp\/v2\/media?parent=2772"}],"curies":[{"name":"wp","href":"https:\/\/api.w.org\/{rel}","templated":true}]}}