{"id":3020,"date":"2025-12-18T10:11:05","date_gmt":"2025-12-18T08:11:05","guid":{"rendered":"https:\/\/corpusry.fi\/?page_id=3020"},"modified":"2025-12-18T10:11:06","modified_gmt":"2025-12-18T08:11:06","slug":"18-luukku-6","status":"publish","type":"page","link":"https:\/\/corpusry.fi\/index.php\/18-luukku-6\/","title":{"rendered":"18. Luukku"},"content":{"rendered":"\n<p>Hyv\u00e4\u00e4 joulua Pekalta ja P\u00e4tk\u00e4lt\u00e4!<br>-Lenni<\/p>\n\n\n\n<figure class=\"wp-block-image size-large\"><img loading=\"lazy\" decoding=\"async\" width=\"1024\" height=\"682\" src=\"https:\/\/corpusry.fi\/wp-content\/uploads\/2025\/12\/image-12-1024x682.png\" alt=\"\" class=\"wp-image-3021\" srcset=\"https:\/\/corpusry.fi\/wp-content\/uploads\/2025\/12\/image-12-1024x682.png 1024w, https:\/\/corpusry.fi\/wp-content\/uploads\/2025\/12\/image-12-300x200.png 300w, https:\/\/corpusry.fi\/wp-content\/uploads\/2025\/12\/image-12-768x512.png 768w, https:\/\/corpusry.fi\/wp-content\/uploads\/2025\/12\/image-12-1536x1023.png 1536w, https:\/\/corpusry.fi\/wp-content\/uploads\/2025\/12\/image-12-750x500.png 750w, https:\/\/corpusry.fi\/wp-content\/uploads\/2025\/12\/image-12.png 1600w\" sizes=\"auto, (max-width: 1024px) 100vw, 1024px\" \/><\/figure>\n","protected":false},"excerpt":{"rendered":"<p>Hyv\u00e4\u00e4 joulua Pekalta ja P\u00e4tk\u00e4lt\u00e4!-Lenni<\/p>\n","protected":false},"author":29,"featured_media":0,"parent":0,"menu_order":0,"comment_status":"closed","ping_status":"closed","template":"","meta":{"Layout":"","footnotes":""},"class_list":["entry","author-jrmmakin","post-3020","page","type-page","status-publish"],"_links":{"self":[{"href":"https:\/\/corpusry.fi\/index.php\/wp-json\/wp\/v2\/pages\/3020","targetHints":{"allow":["GET"]}}],"collection":[{"href":"https:\/\/corpusry.fi\/index.php\/wp-json\/wp\/v2\/pages"}],"about":[{"href":"https:\/\/corpusry.fi\/index.php\/wp-json\/wp\/v2\/types\/page"}],"author":[{"embeddable":true,"href":"https:\/\/corpusry.fi\/index.php\/wp-json\/wp\/v2\/users\/29"}],"replies":[{"embeddable":true,"href":"https:\/\/corpusry.fi\/index.php\/wp-json\/wp\/v2\/comments?post=3020"}],"version-history":[{"count":1,"href":"https:\/\/corpusry.fi\/index.php\/wp-json\/wp\/v2\/pages\/3020\/revisions"}],"predecessor-version":[{"id":3022,"href":"https:\/\/corpusry.fi\/index.php\/wp-json\/wp\/v2\/pages\/3020\/revisions\/3022"}],"wp:attachment":[{"href":"https:\/\/corpusry.fi\/index.php\/wp-json\/wp\/v2\/media?parent=3020"}],"curies":[{"name":"wp","href":"https:\/\/api.w.org\/{rel}","templated":true}]}}