{"id":3024,"date":"2025-12-19T09:42:15","date_gmt":"2025-12-19T07:42:15","guid":{"rendered":"https:\/\/corpusry.fi\/?page_id=3024"},"modified":"2025-12-19T09:42:15","modified_gmt":"2025-12-19T07:42:15","slug":"19-luukku-6","status":"publish","type":"page","link":"https:\/\/corpusry.fi\/index.php\/19-luukku-6\/","title":{"rendered":"19. Luukku"},"content":{"rendered":"\n<p>Gl\u00f6gi-shotti:<\/p>\n\n\n\n<p>Yliopiston opetustauko alkaa virallisesti t\u00e4n\u00e4\u00e4n, joten viimeist\u00e4\u00e4n nyt alkavan loman kunniaksi t\u00e4llanen herkku!<\/p>\n\n\n\n<p>Tarvitset: gl\u00f6gitiivistett\u00e4, haluamaasi viinaa, shottimitan (vaihtoehtoinen, voit my\u00f6s el\u00e4\u00e4 reunalla halutessasi)<\/p>\n\n\n\n<p>Mittaa suurin piirtein saman verran (esim 2cl + 2cl) tiivistett\u00e4 ja haluamaasi kirkasta lasiin ja sekoita.<\/p>\n\n\n\n<p>Skool! Hyvi\u00e4 juhlahetki\u00e4 ja l\u00e4mmint\u00e4 joulua!<\/p>\n\n\n\n<p><\/p>\n","protected":false},"excerpt":{"rendered":"<p>Gl\u00f6gi-shotti: Yliopiston opetustauko alkaa virallisesti t\u00e4n\u00e4\u00e4n, joten viimeist\u00e4\u00e4n nyt alkavan loman kunniaksi t\u00e4llanen herkku! Tarvitset: gl\u00f6gitiivistett\u00e4, haluamaasi viinaa, shottimitan (vaihtoehtoinen, voit my\u00f6s el\u00e4\u00e4 reunalla halutessasi) Mittaa suurin piirtein saman verran <a href=\"https:\/\/corpusry.fi\/index.php\/19-luukku-6\/\" class=\"more-link\">[&hellip;]<\/a><\/p>\n","protected":false},"author":29,"featured_media":0,"parent":0,"menu_order":0,"comment_status":"closed","ping_status":"closed","template":"","meta":{"Layout":"","footnotes":""},"class_list":["entry","author-jrmmakin","post-3024","page","type-page","status-publish"],"_links":{"self":[{"href":"https:\/\/corpusry.fi\/index.php\/wp-json\/wp\/v2\/pages\/3024","targetHints":{"allow":["GET"]}}],"collection":[{"href":"https:\/\/corpusry.fi\/index.php\/wp-json\/wp\/v2\/pages"}],"about":[{"href":"https:\/\/corpusry.fi\/index.php\/wp-json\/wp\/v2\/types\/page"}],"author":[{"embeddable":true,"href":"https:\/\/corpusry.fi\/index.php\/wp-json\/wp\/v2\/users\/29"}],"replies":[{"embeddable":true,"href":"https:\/\/corpusry.fi\/index.php\/wp-json\/wp\/v2\/comments?post=3024"}],"version-history":[{"count":1,"href":"https:\/\/corpusry.fi\/index.php\/wp-json\/wp\/v2\/pages\/3024\/revisions"}],"predecessor-version":[{"id":3025,"href":"https:\/\/corpusry.fi\/index.php\/wp-json\/wp\/v2\/pages\/3024\/revisions\/3025"}],"wp:attachment":[{"href":"https:\/\/corpusry.fi\/index.php\/wp-json\/wp\/v2\/media?parent=3024"}],"curies":[{"name":"wp","href":"https:\/\/api.w.org\/{rel}","templated":true}]}}