{"id":3031,"date":"2025-12-21T00:01:00","date_gmt":"2025-12-20T22:01:00","guid":{"rendered":"https:\/\/corpusry.fi\/?page_id=3031"},"modified":"2025-12-20T10:58:55","modified_gmt":"2025-12-20T08:58:55","slug":"21-luukku-6","status":"publish","type":"page","link":"https:\/\/corpusry.fi\/index.php\/21-luukku-6\/","title":{"rendered":"21. Luukku"},"content":{"rendered":"\n<p>Gaiuksen jouluterveiset &#8221;Hau!!&#8221;\ud83d\udc36<br>&#8221;Mukavaa ja turvallista joulunaikaa&#8221;<\/p>\n\n\n\n<figure class=\"wp-block-image size-large\"><img loading=\"lazy\" decoding=\"async\" width=\"768\" height=\"1024\" src=\"https:\/\/corpusry.fi\/wp-content\/uploads\/2025\/12\/Joulu-Gaius-768x1024.jpg\" alt=\"\" class=\"wp-image-3032\" srcset=\"https:\/\/corpusry.fi\/wp-content\/uploads\/2025\/12\/Joulu-Gaius-768x1024.jpg 768w, https:\/\/corpusry.fi\/wp-content\/uploads\/2025\/12\/Joulu-Gaius-225x300.jpg 225w, https:\/\/corpusry.fi\/wp-content\/uploads\/2025\/12\/Joulu-Gaius-1152x1536.jpg 1152w, https:\/\/corpusry.fi\/wp-content\/uploads\/2025\/12\/Joulu-Gaius-1536x2048.jpg 1536w, https:\/\/corpusry.fi\/wp-content\/uploads\/2025\/12\/Joulu-Gaius-375x500.jpg 375w, https:\/\/corpusry.fi\/wp-content\/uploads\/2025\/12\/Joulu-Gaius-scaled.jpg 1920w\" sizes=\"auto, (max-width: 768px) 100vw, 768px\" \/><\/figure>\n\n\n\n<p>ps. Olkaa kuten Gaius, k\u00e4ytt\u00e4k\u00e4\u00e4 pime\u00e4ll\u00e4 liikkuessa huomiovaloa tai heijastinta.<\/p>\n","protected":false},"excerpt":{"rendered":"<p>Gaiuksen jouluterveiset &#8221;Hau!!&#8221;\ud83d\udc36&#8221;Mukavaa ja turvallista joulunaikaa&#8221; ps. Olkaa kuten Gaius, k\u00e4ytt\u00e4k\u00e4\u00e4 pime\u00e4ll\u00e4 liikkuessa huomiovaloa tai heijastinta.<\/p>\n","protected":false},"author":29,"featured_media":0,"parent":0,"menu_order":0,"comment_status":"closed","ping_status":"closed","template":"","meta":{"Layout":"","footnotes":""},"class_list":["entry","author-jrmmakin","post-3031","page","type-page","status-publish"],"_links":{"self":[{"href":"https:\/\/corpusry.fi\/index.php\/wp-json\/wp\/v2\/pages\/3031","targetHints":{"allow":["GET"]}}],"collection":[{"href":"https:\/\/corpusry.fi\/index.php\/wp-json\/wp\/v2\/pages"}],"about":[{"href":"https:\/\/corpusry.fi\/index.php\/wp-json\/wp\/v2\/types\/page"}],"author":[{"embeddable":true,"href":"https:\/\/corpusry.fi\/index.php\/wp-json\/wp\/v2\/users\/29"}],"replies":[{"embeddable":true,"href":"https:\/\/corpusry.fi\/index.php\/wp-json\/wp\/v2\/comments?post=3031"}],"version-history":[{"count":1,"href":"https:\/\/corpusry.fi\/index.php\/wp-json\/wp\/v2\/pages\/3031\/revisions"}],"predecessor-version":[{"id":3033,"href":"https:\/\/corpusry.fi\/index.php\/wp-json\/wp\/v2\/pages\/3031\/revisions\/3033"}],"wp:attachment":[{"href":"https:\/\/corpusry.fi\/index.php\/wp-json\/wp\/v2\/media?parent=3031"}],"curies":[{"name":"wp","href":"https:\/\/api.w.org\/{rel}","templated":true}]}}