{"id":39,"date":"2017-04-09T12:49:46","date_gmt":"2017-04-09T12:49:46","guid":{"rendered":"https:\/\/corpusry.wordpress.com\/?page_id=39"},"modified":"2017-04-09T12:49:46","modified_gmt":"2017-04-09T12:49:46","slug":"seminaarit","status":"publish","type":"page","link":"https:\/\/corpusry.fi\/index.php\/seminaarit\/","title":{"rendered":"Seminaarit"},"content":{"rendered":"<p>Corpuksen toimintaan kuuluu my\u00f6s seminaareja. Monivuotisiksi perinteiksi ovat muodostuneet kev\u00e4\u00e4ll\u00e4 museologian ja syksyll\u00e4 mielenterveysp\u00e4iv\u00e4n seminaarit. Niist\u00e4 l\u00f6ytyy lis\u00e4\u00e4 tietoa seuraavista linkeist\u00e4.<\/p>\n<p><a href=\"https:\/\/corpusry.wordpress.com\/seminaarit\/museologian-seminaari\/\">Museologian seminaari<\/a><\/p>\n<p><a href=\"https:\/\/corpusry.wordpress.com\/seminaarit\/mielenterveyspaivan-seminaari\/\">Mielenterveysp\u00e4iv\u00e4n seminaari<\/a><\/p>\n","protected":false},"excerpt":{"rendered":"<p>Corpuksen toimintaan kuuluu my\u00f6s seminaareja. Monivuotisiksi perinteiksi ovat muodostuneet kev\u00e4\u00e4ll\u00e4 museologian ja syksyll\u00e4 mielenterveysp\u00e4iv\u00e4n seminaarit. Niist\u00e4 l\u00f6ytyy lis\u00e4\u00e4 tietoa seuraavista linkeist\u00e4. Museologian seminaari Mielenterveysp\u00e4iv\u00e4n seminaari<\/p>\n","protected":false},"author":3,"featured_media":0,"parent":0,"menu_order":0,"comment_status":"closed","ping_status":"closed","template":"","meta":{"Layout":"","footnotes":""},"class_list":["entry","author-maisa-virtanen","post-39","page","type-page","status-publish"],"_links":{"self":[{"href":"https:\/\/corpusry.fi\/index.php\/wp-json\/wp\/v2\/pages\/39","targetHints":{"allow":["GET"]}}],"collection":[{"href":"https:\/\/corpusry.fi\/index.php\/wp-json\/wp\/v2\/pages"}],"about":[{"href":"https:\/\/corpusry.fi\/index.php\/wp-json\/wp\/v2\/types\/page"}],"author":[{"embeddable":true,"href":"https:\/\/corpusry.fi\/index.php\/wp-json\/wp\/v2\/users\/3"}],"replies":[{"embeddable":true,"href":"https:\/\/corpusry.fi\/index.php\/wp-json\/wp\/v2\/comments?post=39"}],"version-history":[{"count":0,"href":"https:\/\/corpusry.fi\/index.php\/wp-json\/wp\/v2\/pages\/39\/revisions"}],"wp:attachment":[{"href":"https:\/\/corpusry.fi\/index.php\/wp-json\/wp\/v2\/media?parent=39"}],"curies":[{"name":"wp","href":"https:\/\/api.w.org\/{rel}","templated":true}]}}