{"id":902,"date":"2018-08-09T16:37:29","date_gmt":"2018-08-09T13:37:29","guid":{"rendered":"https:\/\/corpusry.fi\/?page_id=902"},"modified":"2018-08-28T09:18:59","modified_gmt":"2018-08-28T06:18:59","slug":"corpus-5-vuotta-vuosijuhlat","status":"publish","type":"page","link":"https:\/\/corpusry.fi\/index.php\/corpus-5-vuotta-vuosijuhlat\/","title":{"rendered":"Corpus 5 vuotta &#8211; Vuosijuhlat"},"content":{"rendered":"<p dir=\"ltr\">Hyv\u00e4 corpuslainen, Corpuksen alumni, Mutkun henkil\u00f6kunnan j\u00e4sen tai muuten corpusmielinen,<\/p>\n<p dir=\"ltr\">Olet syd\u00e4mellisesti tervetullut Jyv\u00e4skyl\u00e4n yliopiston kirjallisuuden, taidehistorian, taidekasvatuksen ja museologian ainej\u00e4rjest\u00f6 Corpuksen vuosijuhliin lauantaina 27.10.2018.<\/p>\n<p dir=\"ltr\">Vuosijuhlat ovat arvokas akateeminen juhlatilaisuus, jossa perinteisesti noudatetaan juhlaetiketti\u00e4 niin pukeutumisen kuin k\u00e4yt\u00f6stapojenkin suhteen.<\/p>\n<p dir=\"ltr\">Viisi vuotta t\u00e4ytt\u00e4v\u00e4n ainej\u00e4rjest\u00f6mme vuosijuhlia viet\u00e4mme hurmaavassa <a href=\"https:\/\/villajaaskela.fi\/\">Villa J\u00e4\u00e4skel\u00e4ss\u00e4<\/a>, noin 14 kilometrin p\u00e4\u00e4ss\u00e4 Jyv\u00e4skyl\u00e4n keskustasta (J\u00e4\u00e4skel\u00e4ntie 214, 40800 Vaajakoski).<\/p>\n<p dir=\"ltr\">Juhlapaikalle sek\u00e4 takaisin keskustaan j\u00e4rjestet\u00e4\u00e4n yhteiskuljetus. Bussi l\u00e4htee kohti juhlapaikkaa Matkakeskukselta klo 17:15. Ohjelma juhlapaikalla alkaa klo 18.<\/p>\n<p dir=\"ltr\">Juhlailtana nautitaan juhla-ateria, jota siivitt\u00e4v\u00e4t monipuoliset ohjelmanumerot. Juhla-ateria koostuu runsaasta salaattip\u00f6yd\u00e4st\u00e4, p\u00e4\u00e4ruoasta ja j\u00e4lkiruoasta. Illallinen on vegaaninen. Ilmoitathan mahdollisista ruoka-ainerajoituksista ilmoittautumislomakkeessa.<\/p>\n<p dir=\"ltr\">Ilta huipentuu musiikkiesitykseen klo 22. Ohjelma p\u00e4\u00e4ttyy noin klo 23, jonka j\u00e4lkeen juhlia voi halutessaan jatkaa virallisessa jatkopaikassa, joka selvi\u00e4\u00e4 my\u00f6hemmin. Yhteiskuljetus keskustaan l\u00e4htee juhlapaikalta noin klo 23:30.<\/p>\n<p dir=\"ltr\">Sunnuntaina 28.10. on mahdollisuus osallistua yhteis\u00f6lliselle silliaamiaiselle Opinkiven saunatilassa klo 12. Silliaamiaiselle mahtuu 40 ilmoittautujaa, joten ole nopea! Aamiaisen hinta on 5 \u20ac.<\/p>\n<p dir=\"ltr\">Illalliskortin hinta Corpuksen j\u00e4senille ja alumneille 45 \u20ac ja ei-j\u00e4senille 50 \u20ac. Illalliskortti pit\u00e4\u00e4 sis\u00e4ll\u00e4\u00e4n illallisen ruokineen ja juomineen, kuljetukset sek\u00e4 haalarimerkin.<\/p>\n<p dir=\"ltr\">Pukukoodina on juhlava asu. Corpuksen vuosijuhlille sopivia asuja ovat esimerkiksi puku, smokki, kaiken pituiset juhlamekot ja housupuku. Olemme koodin suhteen hyvin joustavia ja kannustamme vieraita toteuttamaan juhlavuutta omalla tavallaan. Muistathan, ett\u00e4 juhlapukeutumisessakin on hyv\u00e4 ottaa ymp\u00e4rist\u00f6asiat huomioon: voit esimerkiksi lainata asun yst\u00e4v\u00e4lt\u00e4si, hy\u00f6dynt\u00e4\u00e4 oman vaatekaappisi sis\u00e4lt\u00f6\u00e4 tai ostaa asun k\u00e4ytettyn\u00e4.<\/p>\n<p dir=\"ltr\">Ilmoittautuminen alkaa 18.9. klo 12 ja p\u00e4\u00e4ttyy 25.9. klo 23. Paikat t\u00e4yttyv\u00e4t ilmoittautumisj\u00e4rjestyksess\u00e4. Avecit ovat tervetulleita ja heid\u00e4t ilmoitetaan samalla lomakkeella. Silliaamiaiselle ilmoittautuminen tapahtuu varsinaisen ilmoittautumisen yhteydess\u00e4.<\/p>\n<p dir=\"ltr\">Muistathan, ett\u00e4 ilmoittautuminen on sitova!<\/p>\n<p dir=\"ltr\">Linkki ilmoittautumiseen: <a href=\"https:\/\/docs.google.com\/forms\/d\/e\/1FAIpQLSeUikvmK_iH4QoJOCF6QEMfcM1J7FGTz8styAR-81Pb6hcMaw\/viewform\" target=\"_blank\" rel=\"noopener\" data-saferedirecturl=\"https:\/\/www.google.com\/url?hl=en-GB&amp;q=https:\/\/docs.google.com\/forms\/d\/e\/1FAIpQLSeUikvmK_iH4QoJOCF6QEMfcM1J7FGTz8styAR-81Pb6hcMaw\/viewform&amp;source=gmail&amp;ust=1535523177928000&amp;usg=AFQjCNGsaoCXRVbMy1UU91Rw07GBiMv4DQ\">https:\/\/docs.google.com\/forms\/<wbr \/>d\/e\/1FAIpQLSeUikvmK_<wbr \/>iH4QoJOCF6QEMfcM1J7FGTz8styAR-<wbr \/>81Pb6hcMaw\/viewform<\/a><\/p>\n<p dir=\"ltr\">L\u00e4mpim\u00e4sti tervetuloa!<\/p>\n","protected":false},"excerpt":{"rendered":"<p>Hyv\u00e4 corpuslainen, Corpuksen alumni, Mutkun henkil\u00f6kunnan j\u00e4sen tai muuten corpusmielinen, Olet syd\u00e4mellisesti tervetullut Jyv\u00e4skyl\u00e4n yliopiston kirjallisuuden, taidehistorian, taidekasvatuksen ja museologian ainej\u00e4rjest\u00f6 Corpuksen vuosijuhliin lauantaina 27.10.2018. Vuosijuhlat ovat arvokas akateeminen juhlatilaisuus, <a href=\"https:\/\/corpusry.fi\/index.php\/corpus-5-vuotta-vuosijuhlat\/\" class=\"more-link\">[&hellip;]<\/a><\/p>\n","protected":false},"author":3,"featured_media":0,"parent":0,"menu_order":0,"comment_status":"closed","ping_status":"closed","template":"","meta":{"Layout":"","footnotes":""},"class_list":["entry","author-maisa-virtanen","post-902","page","type-page","status-publish"],"_links":{"self":[{"href":"https:\/\/corpusry.fi\/index.php\/wp-json\/wp\/v2\/pages\/902","targetHints":{"allow":["GET"]}}],"collection":[{"href":"https:\/\/corpusry.fi\/index.php\/wp-json\/wp\/v2\/pages"}],"about":[{"href":"https:\/\/corpusry.fi\/index.php\/wp-json\/wp\/v2\/types\/page"}],"author":[{"embeddable":true,"href":"https:\/\/corpusry.fi\/index.php\/wp-json\/wp\/v2\/users\/3"}],"replies":[{"embeddable":true,"href":"https:\/\/corpusry.fi\/index.php\/wp-json\/wp\/v2\/comments?post=902"}],"version-history":[{"count":3,"href":"https:\/\/corpusry.fi\/index.php\/wp-json\/wp\/v2\/pages\/902\/revisions"}],"predecessor-version":[{"id":907,"href":"https:\/\/corpusry.fi\/index.php\/wp-json\/wp\/v2\/pages\/902\/revisions\/907"}],"wp:attachment":[{"href":"https:\/\/corpusry.fi\/index.php\/wp-json\/wp\/v2\/media?parent=902"}],"curies":[{"name":"wp","href":"https:\/\/api.w.org\/{rel}","templated":true}]}}

<p dir="ltr">Hyvä corpuslainen, Corpuksen alumni, Mutkun henkilökunnan jäsen tai muuten corpusmielinen,</p>
<p dir="ltr">Olet sydämellisesti tervetullut Jyväskylän yliopiston kirjallisuuden, taidehistorian, taidekasvatuksen ja museologian ainejärjestö Corpuksen vuosijuhliin lauantaina 27.10.2018.</p>
<p dir="ltr">Vuosijuhlat ovat arvokas akateeminen juhlatilaisuus, jossa perinteisesti noudatetaan juhlaetikettiä niin pukeutumisen kuin käytöstapojenkin suhteen.</p>
<p dir="ltr">Viisi vuotta täyttävän ainejärjestömme vuosijuhlia vietämme hurmaavassa <a href="https://villajaaskela.fi/">Villa Jääskelässä</a>, noin 14 kilometrin päässä Jyväskylän keskustasta (Jääskeläntie 214, 40800 Vaajakoski).</p>
<p dir="ltr">Juhlapaikalle sekä takaisin keskustaan järjestetään yhteiskuljetus. Bussi lähtee kohti juhlapaikkaa Matkakeskukselta klo 17:15. Ohjelma juhlapaikalla alkaa klo 18.</p>
<p dir="ltr">Juhlailtana nautitaan juhla-ateria, jota siivittävät monipuoliset ohjelmanumerot. Juhla-ateria koostuu runsaasta salaattipöydästä, pääruoasta ja jälkiruoasta. Illallinen on vegaaninen. Ilmoitathan mahdollisista ruoka-ainerajoituksista ilmoittautumislomakkeessa.</p>
<p dir="ltr">Ilta huipentuu musiikkiesitykseen klo 22. Ohjelma päättyy noin klo 23, jonka jälkeen juhlia voi halutessaan jatkaa virallisessa jatkopaikassa, joka selviää myöhemmin. Yhteiskuljetus keskustaan lähtee juhlapaikalta noin klo 23:30.</p>
<p dir="ltr">Sunnuntaina 28.10. on mahdollisuus osallistua yhteisölliselle silliaamiaiselle Opinkiven saunatilassa klo 12. Silliaamiaiselle mahtuu 40 ilmoittautujaa, joten ole nopea! Aamiaisen hinta on 5 €.</p>
<p dir="ltr">Illalliskortin hinta Corpuksen jäsenille ja alumneille 45 € ja ei-jäsenille 50 €. Illalliskortti pitää sisällään illallisen ruokineen ja juomineen, kuljetukset sekä haalarimerkin.</p>
<p dir="ltr">Pukukoodina on juhlava asu. Corpuksen vuosijuhlille sopivia asuja ovat esimerkiksi puku, smokki, kaiken pituiset juhlamekot ja housupuku. Olemme koodin suhteen hyvin joustavia ja kannustamme vieraita toteuttamaan juhlavuutta omalla tavallaan. Muistathan, että juhlapukeutumisessakin on hyvä ottaa ympäristöasiat huomioon: voit esimerkiksi lainata asun ystävältäsi, hyödyntää oman vaatekaappisi sisältöä tai ostaa asun käytettynä.</p>
<p dir="ltr">Ilmoittautuminen alkaa 18.9. klo 12 ja päättyy 25.9. klo 23. Paikat täyttyvät ilmoittautumisjärjestyksessä. Avecit ovat tervetulleita ja heidät ilmoitetaan samalla lomakkeella. Silliaamiaiselle ilmoittautuminen tapahtuu varsinaisen ilmoittautumisen yhteydessä.</p>
<p dir="ltr">Muistathan, että ilmoittautuminen on sitova!</p>
<p dir="ltr">Linkki ilmoittautumiseen: <a href="https://docs.google.com/forms/d/e/1FAIpQLSeUikvmK_iH4QoJOCF6QEMfcM1J7FGTz8styAR-81Pb6hcMaw/viewform" target="_blank" rel="noopener" data-saferedirecturl="https://www.google.com/url?hl=en-GB&amp;q=https://docs.google.com/forms/d/e/1FAIpQLSeUikvmK_iH4QoJOCF6QEMfcM1J7FGTz8styAR-81Pb6hcMaw/viewform&amp;source=gmail&amp;ust=1535523177928000&amp;usg=AFQjCNGsaoCXRVbMy1UU91Rw07GBiMv4DQ">https://docs.google.com/forms/<wbr />d/e/1FAIpQLSeUikvmK_<wbr />iH4QoJOCF6QEMfcM1J7FGTz8styAR-<wbr />81Pb6hcMaw/viewform</a></p>
<p dir="ltr">Lämpimästi tervetuloa!</p>

<p>Hyvä corpuslainen, Corpuksen alumni, Mutkun henkilökunnan jäsen tai muuten corpusmielinen, Olet sydämellisesti tervetullut Jyväskylän yliopiston kirjallisuuden, taidehistorian, taidekasvatuksen ja museologian ainejärjestö Corpuksen vuosijuhliin lauantaina 27.10.2018. Vuosijuhlat ovat arvokas akateeminen juhlatilaisuus, <a href="https://corpusry.fi/index.php/corpus-5-vuotta-vuosijuhlat/" class="more-link">[&hellip;]</a></p>
