{"id":993,"date":"2018-12-04T13:08:27","date_gmt":"2018-12-04T11:08:27","guid":{"rendered":"https:\/\/corpusry.fi\/?page_id=993"},"modified":"2018-12-04T13:08:27","modified_gmt":"2018-12-04T11:08:27","slug":"4-luukku","status":"publish","type":"page","link":"https:\/\/corpusry.fi\/index.php\/naaga\/joulukalenteri-2018\/4-luukku\/","title":{"rendered":"4. luukku"},"content":{"rendered":"<p><b>Maria<\/b><\/p>\n<p>&nbsp;<\/p>\n<p><span style=\"font-weight: 400;\">enkelten hiuksilla hopeinen koristenauha<\/span><\/p>\n<p><span style=\"font-weight: 400;\">kimaltaa kynttil\u00f6iden tuoksussa<\/span><\/p>\n<p><span style=\"font-weight: 400;\">kun sin\u00e4 ja min\u00e4 <\/span><\/p>\n<p><span style=\"font-weight: 400;\">kuljemme lattian poikki<\/span><\/p>\n<p>&nbsp;<\/p>\n<p><span style=\"font-weight: 400;\">tumman kankaan suojassa seimi<\/span><\/p>\n<p><span style=\"font-weight: 400;\">sin\u00e4 ja min\u00e4 istumme alas<\/span><\/p>\n<p><span style=\"font-weight: 400;\">sinulla on p\u00e4\u00e4ss\u00e4si siniraitainen pyyhe<\/span><\/p>\n<p><span style=\"font-weight: 400;\">ja minun k\u00e4sivarsillani lapsi, esikoisemme<\/span><\/p>\n<p>&nbsp;<\/p>\n<p><span style=\"font-weight: 400;\">punaisina pienet posket<\/span><\/p>\n<p><span style=\"font-weight: 400;\">hehkuvat kynttil\u00f6iden tuoksussa<\/span><\/p>\n<p><span style=\"font-weight: 400;\">voitko olla joosef viel\u00e4 <\/span><\/p>\n<p><span style=\"font-weight: 400;\">kun kaapu on vaihtunut batman-paitaan?<\/span><\/p>\n<p>&nbsp;<\/p>\n<p><span style=\"font-weight: 400;\">enkelit paimenet \u00e4idit ja is\u00e4t, katsokaa! <\/span><\/p>\n<p><span style=\"font-weight: 400;\">t\u00e4t\u00e4 joulun ihmett\u00e4:<\/span><\/p>\n<p style=\"text-align: left;\"><span style=\"font-weight: 400;\">\u00a0 \u00a0 \u00a0 \u00a0 \u00a0 \u00a0 \u00a0 \u00a0 \u00a0 \u00a0 \u00a0 \u00a0 \u00a0 \u00a0 \u00a0 \u00a0 \u00a0 \u00a0 \u00a0 \u00a0 \u00a0 \u00a0 \u00a0 \u00a0sin\u00e4 ja min\u00e4<\/span><\/p>\n<p style=\"text-align: left;\"><span style=\"font-weight: 400;\">\u00a0 \u00a0 \u00a0 \u00a0 \u00a0 \u00a0 \u00a0 \u00a0 \u00a0 \u00a0 \u00a0 \u00a0 \u00a0 \u00a0 \u00a0 \u00a0 ja lapsi, esikoisemme<\/span><\/p>\n<p>&nbsp;<\/p>\n<p>&nbsp;<\/p>\n<p>&nbsp;<\/p>\n<p><em>&#8211; Emma Halonen<\/em><\/p>\n","protected":false},"excerpt":{"rendered":"<p>Maria &nbsp; enkelten hiuksilla hopeinen koristenauha kimaltaa kynttil\u00f6iden tuoksussa kun sin\u00e4 ja min\u00e4 kuljemme lattian poikki &nbsp; tumman kankaan suojassa seimi sin\u00e4 ja min\u00e4 istumme alas sinulla on p\u00e4\u00e4ss\u00e4si siniraitainen <a href=\"https:\/\/corpusry.fi\/index.php\/naaga\/joulukalenteri-2018\/4-luukku\/\" class=\"more-link\">[&hellip;]<\/a><\/p>\n","protected":false},"author":8,"featured_media":0,"parent":977,"menu_order":0,"comment_status":"closed","ping_status":"closed","template":"","meta":{"Layout":"","footnotes":""},"class_list":["entry","author-joonas-pulkkinen","post-993","page","type-page","status-publish"],"_links":{"self":[{"href":"https:\/\/corpusry.fi\/index.php\/wp-json\/wp\/v2\/pages\/993","targetHints":{"allow":["GET"]}}],"collection":[{"href":"https:\/\/corpusry.fi\/index.php\/wp-json\/wp\/v2\/pages"}],"about":[{"href":"https:\/\/corpusry.fi\/index.php\/wp-json\/wp\/v2\/types\/page"}],"author":[{"embeddable":true,"href":"https:\/\/corpusry.fi\/index.php\/wp-json\/wp\/v2\/users\/8"}],"replies":[{"embeddable":true,"href":"https:\/\/corpusry.fi\/index.php\/wp-json\/wp\/v2\/comments?post=993"}],"version-history":[{"count":4,"href":"https:\/\/corpusry.fi\/index.php\/wp-json\/wp\/v2\/pages\/993\/revisions"}],"predecessor-version":[{"id":997,"href":"https:\/\/corpusry.fi\/index.php\/wp-json\/wp\/v2\/pages\/993\/revisions\/997"}],"up":[{"embeddable":true,"href":"https:\/\/corpusry.fi\/index.php\/wp-json\/wp\/v2\/pages\/977"}],"wp:attachment":[{"href":"https:\/\/corpusry.fi\/index.php\/wp-json\/wp\/v2\/media?parent=993"}],"curies":[{"name":"wp","href":"https:\/\/api.w.org\/{rel}","templated":true}]}}